000
CXUS53 KGLD 041051
CLMGLD

CLIMATE REPORT
NATIONAL WEATHER SERVICE GOODLAND
348 AM MST SUN MAR 4 2018

...................................

...THE GOODLAND KS CLIMATE SUMMARY FOR THE MONTH OF FEBRUARY 2018...

CLIMATE NORMAL PERIOD 1981 TO 2010
CLIMATE RECORD PERIOD 1895 TO 2018

WEATHER         OBSERVED          NORMAL  DEPART  LAST YEAR`S
                 VALUE   DATE(S)  VALUE   FROM    VALUE  DATE(S)
                                          NORMAL
................................................................
TEMPERATURE (F)
RECORD
 HIGH              87   02/10/2017
 LOW              -22   02/05/1982
                        02/08/1936
                        02/09/1933
HIGHEST            70   02/18        69       1       87  02/10
LOWEST              0   02/21                 1        7  02/25
AVG. MAXIMUM     43.1              45.3    -2.2     55.6
AVG. MINIMUM     15.4              19.4    -4.0     23.6
MEAN             29.3              32.3    -3.0     39.6
DAYS MAX >= 90      0               0.0     0.0        0
DAYS MAX <= 32      5               5.2    -0.2        4
DAYS MIN <= 32     27              26.3     0.7       22
DAYS MIN <= 0       1               1.5    -0.5        0

PRECIPITATION (INCHES)
RECORD
 MAXIMUM         2.07   1939
 MINIMUM            T   1970
TOTALS           0.61              0.49    0.12     0.01
DAILY AVG.       0.02              0.02    0.00     0.00
DAYS >= .01         7               4.8     2.2        1
DAYS >= .10         2               1.6     0.4        0
DAYS >= .50         0               0.2    -0.2        0
DAYS >= 1.00        0               0.0     0.0        0
GREATEST
 24 HR. TOTAL    0.28   02/06 TO 02/06              0.01


SNOWFALL (INCHES)
RECORDS
 TOTAL           25.4   1960
TOTALS            9.6               5.4     4.2        T
SINCE 7/1        20.2              24.0    -3.8      9.4
SNOWDEPTH AVG.      1                 3      -2        0
DAYS >= 1.0         3               1.8     1.2        0
GREATEST
 SNOW DEPTH         4   02/07
                        02/06
 24 HR TOTAL      4.0   02/06 TO 02/06


DEGREE_DAYS
HEATING TOTAL     992               914      78      704
 SINCE 7/1       4245              4417    -172     3885
COOLING TOTAL       0                 0       0        0
 SINCE 1/1          0                 0       0        0
.................................................................

WIND (MPH)
AVERAGE WIND SPEED              12.2
HIGHEST WIND SPEED/DIRECTION    39/350    DATE  02/05
HIGHEST GUST SPEED/DIRECTION    52/350    DATE  02/05

SKY COVER
AVERAGE SKY COVER           0.30

AVERAGE RH (PERCENT)     65


-  INDICATES NEGATIVE NUMBERS.
R  INDICATES RECORD WAS SET OR TIED.
MM INDICATES DATA IS MISSING.
T  INDICATES TRACE AMOUNT.

$$
