000
CXUS53 KGLD 050042
CLMGLD
CLIMATE REPORT
NATIONAL WEATHER SERVICE
542 PM MST MON MAR 04 2024
...................................
...THE GOODLAND KS CLIMATE SUMMARY FOR THE MONTH OF FEBRUARY 2024...
CLIMATE NORMAL PERIOD: 1991 TO 2020
CLIMATE RECORD PERIOD: 1895 TO 2024
WEATHER OBSERVED NORMAL DEPART LAST YEAR`S
VALUE DATE(S) VALUE FROM VALUE DATE(S)
NORMAL
................................................................
TEMPERATURE (F)
RECORD
HIGH 87 02/10/2017
LOW -24 02/15/2021
HIGHEST 76 02/26 69 7 69 02/26
LOWEST 9 02/17 -1 10 -4 02/23
AVG. MAXIMUM 53.8 45.8 8.0 44.0
AVG. MINIMUM 25.4 18.9 6.5 18.6
MEAN 39.6 32.3 7.3 31.3
DAYS MAX >= 90 0 0.0 0.0 0
DAYS MAX <= 32 2 5.7 -3.7 5
DAYS MIN <= 32 24 26.6 -2.6 28
DAYS MIN <= 0 0 1.3 -1.3 2
PRECIPITATION (INCHES)
RECORD
MAXIMUM 2.07 1939
MINIMUM T 1970
TOTALS 1.41 0.47 0.94 0.58
DAILY AVG. 0.05 0.02 0.03 0.02
DAYS >= .01 6 4.9 1.1 5
DAYS >= .10 2 1.6 0.4 2
DAYS >= .50 1 0.2 0.8 0
DAYS >= 1.00 0 0.0 0.0 0
GREATEST
24 HR. TOTAL 1.06 02/03 TO 02/04 0.35
STORM TOTAL 0.87
(MM/DD(HH))
SNOWFALL (INCHES)
RECORDS
TOTAL 25.4 1960
TOTALS 1.5 6.3 -4.8 9.8
SINCE 7/1 26.4 21.7 4.7 35.3
SNOWDEPTH AVG. 0 2
DAYS >= 1.0 0 1.8 -1.8 2
GREATEST
SNOW DEPTH 1 02/15 8 02/16
02/16 02/17
02/17
DEGREE DAYS
HEATING TOTAL 727 914 -187 935
SINCE 7/1 3982 4402 -420 4526
COOLING TOTAL 0 0 0 0
SINCE 1/1 0 0 0 0
................................................................
WIND (MPH)
AVERAGE WIND SPEED 11.4
HIGHEST WIND SPEED/DIRECTION 38/190 DATE 02/07
HIGHEST GUST SPEED/DIRECTION 57/200 DATE 02/07
SKY COVER
AVERAGE SKY COVER 0.24
AVERAGE RH (PERCENT) 61
WEATHER CONDITIONS. NUMBER OF DAYS WITH
THUNDERSTORM 0 MIXED PRECIP 0
HEAVY RAIN 1 RAIN 1
LIGHT RAIN 3 FREEZING RAIN 0
LT FREEZING RAIN 0 HAIL 0
HEAVY SNOW 0 SNOW 0
LIGHT SNOW 5 SLEET 0
FOG 10 FOG W/VIS <= 1/4 MILE 3
HAZE 0
- INDICATES NEGATIVE NUMBERS.
R INDICATES RECORD WAS SET OR TIED.
MM INDICATES DATA IS MISSING.
T INDICATES TRACE AMOUNT.
$$