000
CXUS53 KGLD 021356
CF6HLC
PRELIMINARY LOCAL CLIMATOLOGICAL DATA (WS FORM: F-6)

                                          STATION:   HILL CITY KS
                                          MONTH:     MARCH
                                          YEAR:      2018
                                          LATITUDE:   39 22 N
                                          LONGITUDE:  99 50 W

  TEMPERATURE IN F:       :PCPN:    SNOW:  WIND      :SUNSHINE: SKY     :PK WND
================================================================================
1   2   3   4   5  6A  6B    7    8   9   10  11  12  13   14  15   16   17  18
                                     12Z  AVG MX 2MIN
DY MAX MIN AVG DEP HDD CDD  WTR  SNW DPTH SPD SPD DIR MIN PSBL S-S WX    SPD DR
================================================================================

 1  55  20  38   1  27   0 0.00    M    M  7.1 15 340   M    M   0        20 340
 2  71  36  54  17  11   0 0.00    M    M 14.5 28 190   M    M   0        41 190
 3  80  41  61  23   4   0 0.00    M    M 15.4 25 170   M    M   0        38 170
 4  80  39  60  22   5   0 0.00    M    M 17.5 30 170   M    M   2        47 170
 5  53  33  43   5  22   0 0.00    M    M 21.5 37 310   M    M   2        54 310
 6  47  19  33  -6  32   0 0.00    M    M 24.3 47 330   M    M   2 8      65 330
 7  53  14  34  -5  31   0 0.00    M    M  8.1 20 340   M    M   0        31 290
 8  61  11  36  -3  29   0 0.00    M    M  5.9 18 190   M    M   0 8      24 200
 9  70  21  46   6  19   0 0.00    M    M  9.4 26 350   M    M   0        35 310
10  69  32  51  11  14   0 0.00    M    M 12.2 30 350   M    M   2        39 340
11  48  20  34  -6  31   0 0.00    M    M 11.8 26 350   M    M   2        33 350
12  54  14  34  -7  31   0 0.00    M    M  3.6 10  90   M    M   1        19  30
13  54  19  37  -4  28   0 0.00    M    M  3.2 12  60   M    M   0        20  90
14  72  30  51  10  14   0 0.00    M    M  9.4 23 210   M    M   0        33 200
15  80  41  61  19   4   0 0.00    M    M 11.0 29 160   M    M   0        46 160
16  64  28  46   4  19   0 0.00    M    M 13.1 32 320   M    M   4 8      46 320
17  57  25  41  -1  24   0 0.00    M    M  7.3 13 350   M    M   0        17 110
18  56  24  40  -2  25   0 0.04    M    M 12.6 22  80   M    M   6 18     31 130
19  38  32  35  -8  30   0 0.37    M    M 17.2 26  20   M    M   9 1      34  30
20  52  26  39  -4  26   0    T    M    M  6.7 20 360   M    M   4        27 350
21  65  26  46   3  19   0 0.00    M    M  9.4 20 200   M    M   0        28 180
22  74  33  54  10  11   0 0.00    M    M  5.5 13 150   M    M   0        17 200
23  79  45  62  18   3   0 0.00    M    M 14.3 46 320   M    M   0 18     63 310
24  56  35  46   2  19   0 0.00    M    M 13.7 23  10   M    M   2 1      31 360
25  44  33  39  -6  26   0 0.00    M    M 12.8 20 120   M    M  10 1      28 100
26  45  37  41  -4  24   0    T    M    M  9.7 17  20   M    M  10 1      23  20
27  54  34  44  -1  21   0 0.00    M    M  7.3 20 360   M    M   2 18     24 350
28  64  28  46   0  19   0    T    M    M  8.8 28 360   M    M   6 1      34 360
29  54  28  41  -5  24   0 0.00    M    M  8.6 16  30   M    M   5        21  30
30  66  21  44  -2  21   0 0.00    M    M 11.3 29 200   M    M   0        42 210
31  55  30  43  -3  22   0 0.00    M    M 16.0 30  10   M    M   1        47  40
================================================================================
SM 1870  875       635   0  0.41    M    349.2          M       70
================================================================================
AV 60.3 28.2                              11.3 FASTST   M    M   2    MAX(MPH)
                                 MISC ---->  # 47 330               # 65  330
================================================================================
NOTES:
# LAST OF SEVERAL OCCURRENCES

COLUMN 17 PEAK WIND IN M.P.H.

PRELIMINARY LOCAL CLIMATOLOGICAL DATA (WS FORM: F-6) , PAGE 2

                                          STATION:  HILL CITY KS
                                          MONTH:    MARCH
                                          YEAR:     2018
                                          LATITUDE:   39 22 N
                                          LONGITUDE:  99 50 W

[TEMPERATURE DATA]      [PRECIPITATION DATA]       SYMBOLS USED IN COLUMN 16

AVERAGE MONTHLY: 44.3   TOTAL FOR MONTH:   0.41    1 = FOG OR MIST
DPTR FM NORMAL:   2.5   DPTR FM NORMAL:   -1.22    2 = FOG REDUCING VISIBILITY
HIGHEST:    80 ON 15, 4 GRTST 24HR  0.37 ON 19-19      TO 1/4 MILE OR LESS
LOWEST:     11 ON  8                               3 = THUNDER
                        SNOW, ICE PELLETS, HAIL    4 = ICE PELLETS
                        TOTAL MONTH:    M          5 = HAIL
                        GRTST 24HR    M  ON   M    6 = FREEZING RAIN OR DRIZZLE
                        GRTST DEPTH:  M  ON   M    7 = DUSTSTORM OR SANDSTORM:
                                                       VSBY 1/2 MILE OR LESS
                                                   8 = SMOKE OR HAZE
[NO. OF DAYS WITH]      [WEATHER - DAYS WITH]      9 = BLOWING SNOW
                                                   X = TORNADO
MAX 32 OR BELOW:   0    0.01 INCH OR MORE:   2
MAX 90 OR ABOVE:   0    0.10 INCH OR MORE:   1
MIN 32 OR BELOW:  20    0.50 INCH OR MORE:   0
MIN  0 OR BELOW:   0    1.00 INCH OR MORE:   0

[HDD (BASE 65) ]
TOTAL THIS MO.   635    CLEAR  (SCALE 0-3)  23
DPTR FM NORMAL   -84    PTCLDY (SCALE 4-7)   5
TOTAL FM JUL 1  4711    CLOUDY (SCALE 8-10)  3
DPTR FM NORMAL  -258

[CDD (BASE 65) ]
TOTAL THIS MO.     0
DPTR FM NORMAL     0    [PRESSURE DATA]
TOTAL FM JAN 1     0    HIGHEST SLP 30.51 ON 13
DPTR FM NORMAL     0    LOWEST  SLP 29.22 ON 16

[REMARKS]
#FINAL-03-18#
