000
CXUS53 KGLD 010800
CF6HLC
PRELIMINARY LOCAL CLIMATOLOGICAL DATA (WS FORM: F-6)
STATION: HILL CITY KS
MONTH: SEPTEMBER
YEAR: 2021
LATITUDE: 39 22 N
LONGITUDE: 99 50 W
TEMPERATURE IN F: :PCPN: SNOW: WIND :SUNSHINE: SKY :PK WND
================================================================================
1 2 3 4 5 6A 6B 7 8 9 10 11 12 13 14 15 16 17 18
12Z AVG MX 2MIN
DY MAX MIN AVG DEP HDD CDD WTR SNW DPTH SPD SPD DIR MIN PSBL S-S WX SPD DR
================================================================================
1 97 69 83 10 0 18 0.00 M M 12.3 23 130 M M 4 1 33 140
2 90 71 81 8 0 16 0.84 M M 8.4 21 190 M M 5 138 30 170
3 86 65 76 3 0 11 T M M 7.2 17 30 M M 4 128 25 30
4 84 63 74 2 0 9 0.05 M M 4.3 9 40 M M 5 1 15 90
5 89 58 74 2 0 9 0.00 M M 6.4 20 20 M M 1 18 29 360
6 98 65 82 10 0 17 0.00 M M 8.2 14 210 M M 0 8 22 150
7 87 58 73 1 0 8 0.00 M M 10.9 24 30 M M 0 8 35 20
8 88 52 70 -1 0 5 0.00 M M 5.2 14 190 M M 0 20 230
9 93 52 73 2 0 8 0.00 M M 4.4 14 100 M M 0 8 23 100
10 101 56 79 8 0 14 0.00 M M 5.0 12 160 M M 0 18 19 220
11 103 62 83 13 0 18 0.00 M M 5.4 15 220 M M 0 8 22 220
12 90 63 77 7 0 12 T M M 8.2 18 360 M M 0 18 25 360
13 100 61 81 11 0 16 0.00 M M 8.4 26 220 M M 0 18 42 220
14 82 56 69 0 0 4 0.06 M M 6.7 16 340 M M 2 13 22 360
15 91 56 74 5 0 9 0.00 M M 7.8 21 190 M M 3 12 30 190
16 95 68 82 14 0 17 0.00 M M 12.6 24 180 M M 0 39 160
17 76 58 67 -1 0 2 0.09 M M 9.2 26 10 M M 4 13 38 10
18 91 55 73 5 0 8 0.00 M M 8.1 21 160 M M 0 1 31 180
19 96 67 82 15 0 17 0.00 M M 14.8 28 160 M M 0 43 160
20 78 58 68 1 0 3 0.00 M M 13.1 30 350 M M 0 42 350
21 75 43 59 -7 6 0 T M M 8.8 22 340 M M 2 8 30 350
22 82 38 60 -6 5 0 0.00 M M 5.8 15 190 M M 0 8 21 180
23 90 53 72 6 0 7 0.00 M M 5.5 17 210 M M 0 22 220
24 81 45 63 -2 2 0 0.00 M M 10.3 25 10 M M 0 8 37 20
25 85 40 63 -2 2 0 0.00 M M 7.8 20 200 M M 0 29 200
26 99 47 73 9 0 8 0.00 M M 7.9 18 200 M M 0 31 220
27 97 53 75 11 0 10 0.00 M M 6.7 16 110 M M 0 22 110
28 92 55 74 11 0 9 0.00 M M 7.8 23 150 M M 0 35 140
29 86 59 73 10 0 8 0.86 M M 10.5 30 350 M M 2 13 41 320
30 74 54 64 2 1 0 0.31 M M 9.8 21 320 M M 5 13 30 300
================================================================================
SM 2676 1700 16 263 2.21 M 247.5 M 37
================================================================================
AV 89.2 56.7 8.3 FASTST M M 1 MAX(MPH)
MISC ----> # 30 350 43 160
================================================================================
NOTES:
# LAST OF SEVERAL OCCURRENCES
COLUMN 17 PEAK WIND IN M.P.H.
PRELIMINARY LOCAL CLIMATOLOGICAL DATA (WS FORM: F-6) , PAGE 2
STATION: HILL CITY KS
MONTH: SEPTEMBER
YEAR: 2021
LATITUDE: 39 22 N
LONGITUDE: 99 50 W
[TEMPERATURE DATA] [PRECIPITATION DATA] SYMBOLS USED IN COLUMN 16
AVERAGE MONTHLY: 72.9 TOTAL FOR MONTH: 2.21 1 = FOG OR MIST
DPTR FM NORMAL: 4.6 DPTR FM NORMAL: 0.15 2 = FOG REDUCING VISIBILITY
HIGHEST: 103 ON 11 GRTST 24HR 1.17 ON 29-30 TO 1/4 MILE OR LESS
LOWEST: 38 ON 22 3 = THUNDER
SNOW, ICE PELLETS, HAIL 4 = ICE PELLETS
TOTAL MONTH: M 5 = HAIL
GRTST 24HR M ON M 6 = FREEZING RAIN OR DRIZZLE
GRTST DEPTH: M ON M 7 = DUSTSTORM OR SANDSTORM:
VSBY 1/2 MILE OR LESS
8 = SMOKE OR HAZE
[NO. OF DAYS WITH] [WEATHER - DAYS WITH] 9 = BLOWING SNOW
X = TORNADO
MAX 32 OR BELOW: 0 0.01 INCH OR MORE: 6
MAX 90 OR ABOVE: 16 0.10 INCH OR MORE: 3
MIN 32 OR BELOW: 0 0.50 INCH OR MORE: 2
MIN 0 OR BELOW: 0 1.00 INCH OR MORE: 0
[HDD (BASE 65) ]
TOTAL THIS MO. 16 CLEAR (SCALE 0-3) 23
DPTR FM NORMAL -50 PTCLDY (SCALE 4-7) 7
TOTAL FM JUL 1 16 CLOUDY (SCALE 8-10) 0
DPTR FM NORMAL -53
[CDD (BASE 65) ]
TOTAL THIS MO. 263
DPTR FM NORMAL 98 [PRESSURE DATA]
TOTAL FM JAN 1 1613 HIGHEST SLP M ON M
DPTR FM NORMAL 242 LOWEST SLP 29.49 ON 20
[REMARKS]
#FINAL-09-21#