051
CDUS43 KGLD 250757 RRA
CLIHLC

CLIMATE REPORT
NATIONAL WEATHER SERVICE GOODLAND
638 PM MDT THU MAY 24 2018

...................................

...THE HILL CITY KS CLIMATE SUMMARY FOR MAY 24 2018...
VALID TODAY AS OF 0600 PM LOCAL TIME.

CLIMATE NORMAL PERIOD 1981 TO 2010
CLIMATE RECORD PERIOD 1896 TO 2018


WEATHER ITEM   OBSERVED TIME   RECORD YEAR NORMAL DEPARTURE LAST
                VALUE   (LST)  VALUE       VALUE  FROM      YEAR
                                                  NORMAL
..................................................................
TEMPERATURE (F)
 TODAY
  MAXIMUM         89    407 PM 101    1953  78     11       72
  MINIMUM         63    524 AM  31    1924  53     10       40
  AVERAGE         76                        65     11       56

PRECIPITATION (IN)
  TODAY            0.00                      0.11  -0.11     0.00
  MONTH TO DATE    1.25                      2.89  -1.64     3.36
  SINCE MAR 1      2.29                      6.64  -4.35     9.08
  SINCE JAN 1      3.11                      7.61  -4.50    10.15

..................................................................

THE HILL CITY KS CLIMATE NORMALS FOR TOMORROW
                         NORMAL    RECORD    YEAR
 MAXIMUM TEMPERATURE (F)   78        99      1964
 MINIMUM TEMPERATURE (F)   53        37      2002



-  INDICATES NEGATIVE NUMBERS.
R  INDICATES RECORD WAS SET OR TIED.
MM INDICATES DATA IS MISSING.
T  INDICATES TRACE AMOUNT.




$$
