000
CDUS43 KGLD 140043 RRB
CLIHLC

CLIMATE REPORT
NATIONAL WEATHER SERVICE GOODLAND
639 PM MDT FRI APR 13 2018

...................................

...THE HILL CITY KS CLIMATE SUMMARY FOR APRIL 13 2018...
VALID TODAY AS OF 0600 PM LOCAL TIME.

CLIMATE NORMAL PERIOD 1981 TO 2010
CLIMATE RECORD PERIOD 1896 TO 2018


WEATHER ITEM   OBSERVED TIME   RECORD YEAR NORMAL DEPARTURE LAST
                VALUE   (LST)  VALUE       VALUE  FROM      YEAR
                                                  NORMAL
..................................................................
TEMPERATURE (F)
 TODAY
  MAXIMUM         55   1204 AM  91    2006  65    -10       77
  MINIMUM         35    459 PM  15    1950  37     -2       48
  AVERAGE         45                        51     -6       63

PRECIPITATION (IN)
  TODAY            0.02                      0.07  -0.05     0.10
  MONTH TO DATE    0.02                      0.77  -0.75     0.61
  SINCE MAR 1      0.43                      2.40  -1.97     2.71
  SINCE JAN 1      1.25                      3.37  -2.12     3.78

..................................................................

THE HILL CITY KS CLIMATE NORMALS FOR TOMORROW
                         NORMAL    RECORD    YEAR
 MAXIMUM TEMPERATURE (F)   65        94      2003
 MINIMUM TEMPERATURE (F)   37        16      1928



-  INDICATES NEGATIVE NUMBERS.
R  INDICATES RECORD WAS SET OR TIED.
MM INDICATES DATA IS MISSING.
T  INDICATES TRACE AMOUNT.

$$
