000
CDUS43 KGLD 060748 RRB
CLIHLC

CLIMATE REPORT
NATIONAL WEATHER SERVICE GOODLAND
146 AM MDT FRI APR 6 2018

...................................

...THE HILL CITY KS CLIMATE SUMMARY FOR APRIL 5 2018...

CLIMATE NORMAL PERIOD 1981 TO 2010
CLIMATE RECORD PERIOD 1896 TO 2018


WEATHER ITEM   OBSERVED TIME   RECORD YEAR NORMAL DEPARTURE LAST
                VALUE   (LST)  VALUE       VALUE  FROM      YEAR
                                                  NORMAL
..................................................................
TEMPERATURE (F)
 YESTERDAY
  MAXIMUM         69    335 PM  93    1967  62      7       62
  MINIMUM         31    632 AM  11    1968  34     -3       34
  AVERAGE         50                        48      2       48

PRECIPITATION (IN)
  YESTERDAY        0.00                      0.06  -0.06     0.00
  MONTH TO DATE    T                         0.26  -0.26     0.51
  SINCE MAR 1      0.41                      1.89  -1.48     2.61
  SINCE JAN 1      1.23                      2.86  -1.63     3.68

..................................................................

THE HILL CITY KS CLIMATE NORMALS FOR TODAY
                         NORMAL    RECORD    YEAR
 MAXIMUM TEMPERATURE (F)   62        90      1954
 MINIMUM TEMPERATURE (F)   34        10      1936



-  INDICATES NEGATIVE NUMBERS.
R  INDICATES RECORD WAS SET OR TIED.
MM INDICATES DATA IS MISSING.
T  INDICATES TRACE AMOUNT.

$$
