936
CDUS43 KGLD 160800
CLIHLC

CLIMATE REPORT
NATIONAL WEATHER SERVICE GOODLAND
140 AM MDT MON APR 16 2018


...................................

...THE HILL CITY KS CLIMATE SUMMARY FOR APRIL 15 2018...

CLIMATE NORMAL PERIOD 1981 TO 2010
CLIMATE RECORD PERIOD 1896 TO 2018


WEATHER ITEM   OBSERVED TIME   RECORD YEAR NORMAL DEPARTURE LAST
                VALUE   (LST)  VALUE       VALUE  FROM      YEAR
                                                  NORMAL
..................................................................
TEMPERATURE (F)
 YESTERDAY
  MAXIMUM         49    505 PM  94    2002  65    -16       83
  MINIMUM         19R   155 AM  19    2014  38    -19       57
  AVERAGE         34                        51    -17       70

PRECIPITATION (IN)
  YESTERDAY        0.00                      0.06  -0.06     0.00
  MONTH TO DATE    0.02                      0.90  -0.88     0.69
  SINCE MAR 1      0.43                      2.53  -2.10     2.79
  SINCE JAN 1      1.25                      3.50  -2.25     3.86

..................................................................

THE HILL CITY KS CLIMATE NORMALS FOR TODAY
                         NORMAL    RECORD    YEAR
 MAXIMUM TEMPERATURE (F)   66        93      1964
 MINIMUM TEMPERATURE (F)   38        19      1951



-  INDICATES NEGATIVE NUMBERS.
R  INDICATES RECORD WAS SET OR TIED.
MM INDICATES DATA IS MISSING.
T  INDICATES TRACE AMOUNT.

$$
