000
CDUS43 KGLD 010329 RRB
CLIHLC

CLIMATE REPORT
NATIONAL WEATHER SERVICE GOODLAND
923 PM MDT SAT MAR 31 2018

...................................

...THE HILL CITY KS CLIMATE SUMMARY FOR MARCH 31 2018...
VALID TODAY AS OF 0600 PM LOCAL TIME.

CLIMATE NORMAL PERIOD 1981 TO 2010
CLIMATE RECORD PERIOD 1896 TO 2018


WEATHER ITEM   OBSERVED TIME   RECORD YEAR NORMAL DEPARTURE LAST
                VALUE   (LST)  VALUE       VALUE  FROM      YEAR
                                                  NORMAL
..................................................................
TEMPERATURE (F)
 TODAY
  MAXIMUM         55   1256 AM  93    1946  61     -6       48
  MINIMUM         38    202 PM   0    1987  32      6       40
  AVERAGE         47                        46      1       44

PRECIPITATION (IN)
  TODAY            0.00                      0.08  -0.08      T
  MONTH TO DATE    0.41                      1.63  -1.22     2.10
  SINCE MAR 1      0.41                      1.63  -1.22     2.10
  SINCE JAN 1      1.23                      2.60  -1.37     3.17

..................................................................

THE HILL CITY KS CLIMATE NORMALS FOR TOMORROW
                         NORMAL    RECORD    YEAR
 MAXIMUM TEMPERATURE (F)   61        92      2012
                                             1940
 MINIMUM TEMPERATURE (F)   33        15      2009



-  INDICATES NEGATIVE NUMBERS.
R  INDICATES RECORD WAS SET OR TIED.
MM INDICATES DATA IS MISSING.
T  INDICATES TRACE AMOUNT.

$$
