000
CXUS55 KGLD 021356
CF6ITR
PRELIMINARY LOCAL CLIMATOLOGICAL DATA (WS FORM: F-6)

                                          STATION:   BURLINGTON CO
                                          MONTH:     MARCH
                                          YEAR:      2018
                                          LATITUDE:   39 15 N
                                          LONGITUDE: 102 17 W

  TEMPERATURE IN F:       :PCPN:    SNOW:  WIND      :SUNSHINE: SKY     :PK WND
================================================================================
1   2   3   4   5  6A  6B    7    8   9   10  11  12  13   14  15   16   17  18
                                     12Z  AVG MX 2MIN
DY MAX MIN AVG DEP HDD CDD  WTR  SNW DPTH SPD SPD DIR MIN PSBL S-S WX    SPD DR
================================================================================

 1  53  16  35   0  30   0 0.00    M    M 14.7 26 160   M    M   1        36 160
 2  70  19  45  10  20   0 0.00    M    M 12.9 28 190   M    M   0        38 180
 3  75  32  54  18  11   0 0.00    M    M 11.1 23 210   M    M   0        30 180
 4  74  31  53  17  12   0    T    M    M 18.0 37 200   M    M   0        50 210
 5  49  20  35  -1  30   0    T    M    M 25.2 46 310   M    M   1        66 310
 6  45  14  30  -7  35   0 0.00    M    M 22.1 43 330   M    M   0        61 330
 7  51  11  31  -6  34   0 0.00    M    M 10.3 21 360   M    M   0        31 360
 8  65  21  43   6  22   0 0.00    M    M 11.5 21 320   M    M   0        28 300
 9  67  27  47   9  18   0 0.00    M    M 12.9 35 330   M    M   3        50 340
10  59  25  42   4  23   0 0.00    M    M 15.7 35 330   M    M   2        44 330
11  50  19  35  -3  30   0 0.00    M    M 10.8 25 350   M    M   0        34 350
12  57  15  36  -3  29   0 0.00    M    M 10.6 20 150   M    M   1        31 200
13  55  17  36  -3  29   0 0.00    M    M  9.9 20 160   M    M   2        26 150
14  71  23  47   8  18   0 0.00    M    M  9.6 17 200   M    M   0        23 130
15  77  30  54  14  11   0 0.00    M    M  9.5 31 200   M    M   1        41 220
16  54  24  39  -1  26   0 0.06    M    M 20.6 40 330   M    M   4 1      55 330
17  63  23  43   3  22   0 0.00    M    M 13.9 25 160   M    M   0        35 160
18  67  30  49   9  16   0 0.10    M    M 18.9 38  80   M    M   2 13     51  60
19  35  19  27 -14  38   0 0.15    M    M 18.1 32 350   M    M   7 1      45 350
20  54  19  37  -4  28   0 0.00    M    M 11.6 32 320   M    M   3        43 310
21  63  22  43   2  22   0 0.00    M    M 13.9 29 210   M    M   1        37 200
22  74  30  52  10  13   0 0.00    M    M 10.4 17 150   M    M   0        24 160
23  84  42  63  21   2   0 0.00    M    M 17.8 41 300   M    M   1 8      57 340
24  66  33  50   8  15   0 0.00    M    M 13.6 26 130   M    M   0        35 140
25  40  35  38  -4  27   0    T    M    M 13.2 29 150   M    M  10 12     39 150
26  46  33  40  -3  25   0    T    M    M  9.9 18  50   M    M  10 1      25  50
27  55  31  43   0  22   0 0.00    M    M  8.4 15 180   M    M   4        20 190
28  55  24  40  -3  25   0 0.00    M    M 12.7 25 360   M    M   3        37 360
29  54  23  39  -4  26   0    T    M    M  8.0 28 330   M    M   7 12     37 360
30  68  23  46   2  19   0 0.00    M    M 14.1 30 190   M    M   1 12     41 200
31  48  19  34 -10  31   0 0.00    M    M 12.8 21  70   M    M   0        28  10
================================================================================
SM 1844  750       709   0  0.31    M    422.7          M       64
================================================================================
AV 59.5 24.2                              13.6 FASTST   M    M   2    MAX(MPH)
                                 MISC ---->  # 46 310               # 66  310
================================================================================
NOTES:
# LAST OF SEVERAL OCCURRENCES

COLUMN 17 PEAK WIND IN M.P.H.

PRELIMINARY LOCAL CLIMATOLOGICAL DATA (WS FORM: F-6) , PAGE 2

                                          STATION:  BURLINGTON CO
                                          MONTH:    MARCH
                                          YEAR:     2018
                                          LATITUDE:   39 15 N
                                          LONGITUDE: 102 17 W

[TEMPERATURE DATA]      [PRECIPITATION DATA]       SYMBOLS USED IN COLUMN 16

AVERAGE MONTHLY: 41.8   TOTAL FOR MONTH:   0.31    1 = FOG OR MIST
DPTR FM NORMAL:   2.1   DPTR FM NORMAL:   -0.58    2 = FOG REDUCING VISIBILITY
HIGHEST:    84 ON 23    GRTST 24HR  0.15 ON 19-19      TO 1/4 MILE OR LESS
LOWEST:     11 ON  7                               3 = THUNDER
                        SNOW, ICE PELLETS, HAIL    4 = ICE PELLETS
                        TOTAL MONTH:    M          5 = HAIL
                        GRTST 24HR    M  ON   M    6 = FREEZING RAIN OR DRIZZLE
                        GRTST DEPTH:  M  ON   M    7 = DUSTSTORM OR SANDSTORM:
                                                       VSBY 1/2 MILE OR LESS
                                                   8 = SMOKE OR HAZE
[NO. OF DAYS WITH]      [WEATHER - DAYS WITH]      9 = BLOWING SNOW
                                                   X = TORNADO
MAX 32 OR BELOW:   0    0.01 INCH OR MORE:   3
MAX 90 OR ABOVE:   0    0.10 INCH OR MORE:   2
MIN 32 OR BELOW:  27    0.50 INCH OR MORE:   0
MIN  0 OR BELOW:   0    1.00 INCH OR MORE:   0

[HDD (BASE 65) ]
TOTAL THIS MO.   709    CLEAR  (SCALE 0-3)  25
DPTR FM NORMAL   -75    PTCLDY (SCALE 4-7)   4
TOTAL FM JUL 1  4990    CLOUDY (SCALE 8-10)  2
DPTR FM NORMAL  -341

[CDD (BASE 65) ]
TOTAL THIS MO.     0
DPTR FM NORMAL     0    [PRESSURE DATA]
TOTAL FM JAN 1     0    HIGHEST SLP 30.43 ON 11
DPTR FM NORMAL     0    LOWEST  SLP 29.24 ON 15

[REMARKS]
#FINAL-03-18#
