000
CXUS55 KGLD 010800
CF6ITR
PRELIMINARY LOCAL CLIMATOLOGICAL DATA (WS FORM: F-6)

                                          STATION:   BURLINGTON CO
                                          MONTH:     FEBRUARY
                                          YEAR:      2018
                                          LATITUDE:   39 15 N
                                          LONGITUDE: 102 17 W

  TEMPERATURE IN F:       :PCPN:    SNOW:  WIND      :SUNSHINE: SKY     :PK WND
================================================================================
1   2   3   4   5  6A  6B    7    8   9   10  11  12  13   14  15   16   17  18
                                     12Z  AVG MX 2MIN
DY MAX MIN AVG DEP HDD CDD  WTR  SNW DPTH SPD SPD DIR MIN PSBL S-S WX    SPD DR
================================================================================

 1  33  19  26  -4  39   0    T    M    M  8.3 22 360   M    M   5        29 360
 2  53  22  38   8  27   0 0.00    M    M 10.4 18 190   M    M   3        25 200
 3  58  26  42  12  23   0    T    M    M 12.8 29  20   M    M   2        40 330
 4  36   7  22  -8  43   0    T    M    M 13.5 25 210   M    M   6 128    34  20
 5  52  18  35   5  30   0    T    M    M 15.8 36  10   M    M   6        51 340
 6  26  12  19 -11  46   0 0.16    M    M 11.9 21 170   M    M   6 18     28 160
 7  36  14  25  -5  40   0 0.00    M    M 10.1 23 200   M    M   3 12     30 190
 8  63  24  44  14  21   0 0.00    M    M  9.3 16 270   M    M   0        26 250
 9  43   9  26  -4  39   0    T    M    M 13.4 26  30   M    M   9 12     36  30
10  13   4   9 -21  56   0 0.11    M    M  5.3 14 360   M    M  10 1      19  10
11  38   3  21 -10  44   0 0.00    M    M 12.3 22 200   M    M   0        27 200
12  40  19  30  -1  35   0 0.00    M    M 21.9 37 160   M    M   0        47 160
13  64  14  39   8  26   0 0.00    M    M  8.0 21 220   M    M   0        28 220
14  62  28  45  14  20   0 0.00    M    M 12.1 22 230   M    M   0        29 230
15  55  20  38   7  27   0 0.00    M    M 17.2 28 360   M    M   2        38 360
16  43  11  27  -4  38   0 0.00    M    M 14.3 29 180   M    M   4        40 190
17  53  23  38   6  27   0 0.00    M    M 15.7 33 340   M    M   0        46 330
18  70  21  46  14  19   0 0.00    M    M 18.6 32 230   M    M   1 1      43 240
19  21   8  15 -17  50   0 0.19    M    M 13.3 24 360   M    M  10 128    34  10
20  16  -8   4 -28  61   0 0.04    M    M 11.8 21 330   M    M   3 1      28 340
21  29  -8  11 -22  54   0    T    M    M 10.0 20 140   M    M   4        25 140
22  37   8  23 -10  42   0 0.00    M    M  7.9 14  40   M    M   3 12     19 160
23  35   9  22 -11  43   0 0.00    M    M  9.3 18 150   M    M   6 128    23 150
24  41  14  28  -5  37   0    T    M    M 12.2 28 300   M    M   4 18     36 310
25  44  14  29  -5  36   0 0.00    M    M 10.5 20 310   M    M   0        29 340
26  60  17  39   5  26   0 0.00    M    M 10.7 20 210   M    M   0        26 210
27  65  19  42   8  23   0 0.00    M    M 11.0 25 240   M    M   0        33 230
28  53  18  36   1  29   0 0.00  0.0    0 12.3 24  30   M    M   0        35  20
================================================================================
SM 1239  385      1001   0  0.50     0.0 339.9          M       87
================================================================================
AV 44.3 13.8                              12.1 FASTST   M    M   3    MAX(MPH)
                                 MISC ---->  # 37 160               # 51  340
================================================================================
NOTES:
# LAST OF SEVERAL OCCURRENCES

COLUMN 17 PEAK WIND IN M.P.H.

PRELIMINARY LOCAL CLIMATOLOGICAL DATA (WS FORM: F-6) , PAGE 2

                                          STATION:  BURLINGTON CO
                                          MONTH:    FEBRUARY
                                          YEAR:     2018
                                          LATITUDE:   39 15 N
                                          LONGITUDE: 102 17 W

[TEMPERATURE DATA]      [PRECIPITATION DATA]       SYMBOLS USED IN COLUMN 16

AVERAGE MONTHLY: 29.0   TOTAL FOR MONTH:   0.50    1 = FOG OR MIST
DPTR FM NORMAL:  -2.6   DPTR FM NORMAL:    0.08    2 = FOG REDUCING VISIBILITY
HIGHEST:    70 ON 18    GRTST 24HR  0.19 ON 19-19      TO 1/4 MILE OR LESS
LOWEST:     -8 ON 21,20                            3 = THUNDER
                        SNOW, ICE PELLETS, HAIL    4 = ICE PELLETS
                        TOTAL MONTH:   0.0 INCH    5 = HAIL
                        GRTST 24HR     0.0         6 = FREEZING RAIN OR DRIZZLE
                        GRTST DEPTH:   0           7 = DUSTSTORM OR SANDSTORM:
                                                       VSBY 1/2 MILE OR LESS
                                                   8 = SMOKE OR HAZE
[NO. OF DAYS WITH]      [WEATHER - DAYS WITH]      9 = BLOWING SNOW
                                                   X = TORNADO
MAX 32 OR BELOW:   5    0.01 INCH OR MORE:   4
MAX 90 OR ABOVE:   0    0.10 INCH OR MORE:   3
MIN 32 OR BELOW:  28    0.50 INCH OR MORE:   0
MIN  0 OR BELOW:   2    1.00 INCH OR MORE:   0

[HDD (BASE 65) ]
TOTAL THIS MO.  1001    CLEAR  (SCALE 0-3)  17
DPTR FM NORMAL    65    PTCLDY (SCALE 4-7)   8
TOTAL FM JUL 1  4281    CLOUDY (SCALE 8-10)  3
DPTR FM NORMAL  -266

[CDD (BASE 65) ]
TOTAL THIS MO.     0
DPTR FM NORMAL     0    [PRESSURE DATA]
TOTAL FM JAN 1     0    HIGHEST SLP M ON M
DPTR FM NORMAL     0    LOWEST  SLP 29.35 ON 18

[REMARKS]
#FINAL-02-18#
