996
CXUS55 KGLD 021408
CF6ITR
PRELIMINARY LOCAL CLIMATOLOGICAL DATA (WS FORM: F-6)

                                          STATION:   BURLINGTON CO
                                          MONTH:     DECEMBER
                                          YEAR:      2017
                                          LATITUDE:   39 15 N
                                          LONGITUDE: 102 17 W

  TEMPERATURE IN F:       :PCPN:    SNOW:  WIND      :SUNSHINE: SKY     :PK WND
================================================================================
1   2   3   4   5  6A  6B    7    8   9   10  11  12  13   14  15   16   17  18
                                     12Z  AVG MX 2MIN
DY MAX MIN AVG DEP HDD CDD  WTR  SNW DPTH SPD SPD DIR MIN PSBL S-S WX    SPD DR
================================================================================

 1  63  21  42  10  23   0 0.00    M    M 10.1 21  20   M    M   0        28  20
 2  64  22  43  12  22   0 0.00    M    M 11.7 22 210   M    M   0 8      28 220
 3  66  34  50  19  15   0 0.00    M    M 12.6 24 230   M    M   0        33 220
 4  50   9  30   0  35   0 0.00    M    M 16.6 40 330   M    M   1        56 330
 5  48   7  28  -2  37   0 0.00    M    M  8.4 17 250   M    M   0        22 230
 6  41  15  28  -2  37   0 0.00    M    M 16.7 35 320   M    M   4        44 320
 7  37  14  26  -4  39   0    T    M    M 12.6 26 330   M    M   6 1      36 330
 8  51  33  42  12  23   0 0.00    M    M 18.0 31 360   M    M   4        45 350
 9  58  24  41  12  24   0 0.00    M    M 14.5 26 340   M    M   0        38 340
10  62  24  43  14  22   0 0.00    M    M 10.9 22 330   M    M   0        29 320
11  58  17  38   9  27   0 0.00    M    M 14.8 31 340   M    M   0        46 340
12  66  17  42  13  23   0 0.00    M    M  9.9 17 330   M    M   0 8      23 320
13  54  29  42  13  23   0 0.00    M    M 13.1 31 350   M    M   2        42 360
14  40  14  27  -1  38   0    T    M    M 14.8 31 340   M    M   7 1      42 340
15  59  14  37   9  28   0 0.00    M    M 12.1 22 230   M    M   0        27 230
16  55  21  38  10  27   0 0.00    M    M 14.1 22  30   M    M   1        31  50
17  39  16  28   0  37   0 0.00    M    M  9.1 21  40   M    M   6 1      27  30
18  60  17  39  11  26   0 0.00    M    M  9.7 18 210   M    M   0        23 220
19  50  18  34   6  31   0 0.00    M    M  7.9 15  20   M    M   0        20  10
20  63  22  43  15  22   0 0.00    M    M 13.0 20 220   M    M   0        25 220
21  42  11  27  -1  38   0    T    M    M 18.8 30 350   M    M   8 1      43 350
22  40   4  22  -6  43   0 0.00    M    M  9.0 16 360   M    M   2        22 340
23  23   9  16 -12  49   0 0.04    M    M 10.8 18  20   M    M   8 12     25  20
24  27  -4  12 -16  53   0    T    M    M  8.9 22 350   M    M   1 1      29 340
25  24   5  15 -13  50   0    T    M    M  9.5 18  50   M    M   7 18     22  40
26   9   3   6 -22  59   0    T    M    M  7.4 16 190   M    M  10 18     21 200
27  33   9  21  -7  44   0 0.00    M    M 16.1 31 200   M    M   5 18     41 210
28  36  19  28   0  37   0 0.00    M    M 10.9 18 200   M    M   0        26 200
29  64   5  35   7  30   0    T    M    M 12.9 24  30   M    M   2 1      32  20
30  11   1   6 -22  59   0 0.00    M    M 10.7 24 180   M    M   9 18     32 180
31  11  -2   5 -23  60   0 0.00    M    M  6.9 12 180   M    M   8        16 180
================================================================================
SM 1404  448      1081   0  0.04    M    372.5          M       91
================================================================================
AV 45.3 14.5                              12.0 FASTST   M    M   3    MAX(MPH)
                                 MISC ---->  # 40 330               # 56  330
================================================================================
NOTES:
# LAST OF SEVERAL OCCURRENCES

COLUMN 17 PEAK WIND IN M.P.H.

PRELIMINARY LOCAL CLIMATOLOGICAL DATA (WS FORM: F-6) , PAGE 2

                                          STATION:  BURLINGTON CO
                                          MONTH:    DECEMBER
                                          YEAR:     2017
                                          LATITUDE:   39 15 N
                                          LONGITUDE: 102 17 W

[TEMPERATURE DATA]      [PRECIPITATION DATA]       SYMBOLS USED IN COLUMN 16

AVERAGE MONTHLY: 29.9   TOTAL FOR MONTH:   0.04    1 = FOG OR MIST
DPTR FM NORMAL:   1.0   DPTR FM NORMAL:   -0.39    2 = FOG REDUCING VISIBILITY
HIGHEST:    66 ON 12, 3 GRTST 24HR  0.04 ON 23-23      TO 1/4 MILE OR LESS
LOWEST:     -4 ON 24                               3 = THUNDER
                        SNOW, ICE PELLETS, HAIL    4 = ICE PELLETS
                        TOTAL MONTH:    M          5 = HAIL
                        GRTST 24HR    M  ON   M    6 = FREEZING RAIN OR DRIZZLE
                        GRTST DEPTH:  M  ON   M    7 = DUSTSTORM OR SANDSTORM:
                                                       VSBY 1/2 MILE OR LESS
                                                   8 = SMOKE OR HAZE
[NO. OF DAYS WITH]      [WEATHER - DAYS WITH]      9 = BLOWING SNOW
                                                   X = TORNADO
MAX 32 OR BELOW:   6    0.01 INCH OR MORE:   1
MAX 90 OR ABOVE:   0    0.10 INCH OR MORE:   0
MIN 32 OR BELOW:  29    0.50 INCH OR MORE:   0
MIN  0 OR BELOW:   2    1.00 INCH OR MORE:   0

[HDD (BASE 65) ]
TOTAL THIS MO.  1081    CLEAR  (SCALE 0-3)  19
DPTR FM NORMAL   -38    PTCLDY (SCALE 4-7)   8
TOTAL FM JUL 1  2262    CLOUDY (SCALE 8-10)  4
DPTR FM NORMAL  -250

[CDD (BASE 65) ]
TOTAL THIS MO.     0
DPTR FM NORMAL     0    [PRESSURE DATA]
TOTAL FM JAN 1   854    HIGHEST SLP 30.75 ON 31
DPTR FM NORMAL    65    LOWEST  SLP 29.43 ON  4

[REMARKS]
#FINAL-12-17#
