000
CDUS43 KGLD 180047
CLIITR

CLIMATE REPORT
NATIONAL WEATHER SERVICE GOODLAND
645 PM MDT TUE APR 17 2018

...................................

...THE BURLINGTON CO CLIMATE SUMMARY FOR APRIL 17 2018...
VALID TODAY AS OF 0600 PM LOCAL TIME.

CLIMATE NORMAL PERIOD 1981 TO 2010
CLIMATE RECORD PERIOD 1896 TO 2018


WEATHER ITEM   OBSERVED TIME   RECORD YEAR NORMAL DEPARTURE LAST
                VALUE   (LST)  VALUE       VALUE  FROM      YEAR
                                                  NORMAL
..................................................................
TEMPERATURE (F)
 TODAY
  MAXIMUM         83    217 PM  87    1948  63     20       64
  MINIMUM         32    549 AM  18    1999  34     -2       48
  AVERAGE         58                        48     10       56

PRECIPITATION (IN)
  TODAY            0.00                      0.05  -0.05     0.00
  MONTH TO DATE    0.70                      0.64   0.06     0.34
  SINCE MAR 1      1.01                      1.53  -0.52     3.27
  SINCE JAN 1      2.57                      2.33   0.24     3.83

..................................................................

THE BURLINGTON CO CLIMATE NORMALS FOR TOMORROW
                         NORMAL    RECORD    YEAR
 MAXIMUM TEMPERATURE (F)   63        88      2004
                                             1948
 MINIMUM TEMPERATURE (F)   34        13      1944



-  INDICATES NEGATIVE NUMBERS.
R  INDICATES RECORD WAS SET OR TIED.
MM INDICATES DATA IS MISSING.
T  INDICATES TRACE AMOUNT.

$$
