435
CDUS43 KGLD 160742 RRA
CLIITR

CLIMATE REPORT
NATIONAL WEATHER SERVICE GOODLAND
140 AM MDT WED MAY 16 2018


...................................

...THE BURLINGTON CO CLIMATE SUMMARY FOR MAY 15 2018...

CLIMATE NORMAL PERIOD 1981 TO 2010
CLIMATE RECORD PERIOD 1896 TO 2018


WEATHER ITEM   OBSERVED TIME   RECORD YEAR NORMAL DEPARTURE LAST
                VALUE   (LST)  VALUE       VALUE  FROM      YEAR
                                                  NORMAL
..................................................................
TEMPERATURE (F)
 YESTERDAY
  MAXIMUM         75    406 PM  93    1944  73      2       84
  MINIMUM         50    320 AM  30    1945  44      6       57
  AVERAGE         63                        58      5       71

PRECIPITATION (IN)
  YESTERDAY        0.22                      0.07   0.15     0.07
  MONTH TO DATE    0.48                      1.14  -0.66     2.90
  SINCE MAR 1      2.59                      3.49  -0.90     8.72
  SINCE JAN 1      4.15                      4.29  -0.14     9.28

..................................................................







THE BURLINGTON CO CLIMATE NORMALS FOR TODAY
                         NORMAL    RECORD    YEAR
 MAXIMUM TEMPERATURE (F)   73        90      1964
 MINIMUM TEMPERATURE (F)   45        27      1945



-  INDICATES NEGATIVE NUMBERS.
R  INDICATES RECORD WAS SET OR TIED.
MM INDICATES DATA IS MISSING.
T  INDICATES TRACE AMOUNT.




$$
