000
CDUS43 KGLD 070750 RRA
CLIITR

CLIMATE REPORT
NATIONAL WEATHER SERVICE GOODLAND
139 AM MDT MON MAY 7 2018

...................................

...THE BURLINGTON CO CLIMATE SUMMARY FOR MAY 6 2018...

CLIMATE NORMAL PERIOD 1981 TO 2010
CLIMATE RECORD PERIOD 1896 TO 2018

WEATHER ITEM   OBSERVED TIME   RECORD YEAR NORMAL DEPARTURE LAST
                VALUE   (LST)  VALUE       VALUE  FROM      YEAR
                                                  NORMAL
..................................................................
TEMPERATURE (F)
 YESTERDAY
  MAXIMUM         82    251 PM  91    2004  69     13       81
                                      1934
  MINIMUM         43    435 AM  30    1948  41      2       45
  AVERAGE         63                        55      8       63

PRECIPITATION (IN)
  YESTERDAY        0.00                      0.09  -0.09     0.00
  MONTH TO DATE    0.06                      0.51  -0.45     0.11
  SINCE MAR 1      2.17                      2.86  -0.69     5.93
  SINCE JAN 1      3.73                      3.66   0.07     6.49

..................................................................

THE BURLINGTON CO CLIMATE NORMALS FOR TODAY
                         NORMAL    RECORD    YEAR
 MAXIMUM TEMPERATURE (F)   69        93      1934
 MINIMUM TEMPERATURE (F)   41        29      1938

-  INDICATES NEGATIVE NUMBERS.
R  INDICATES RECORD WAS SET OR TIED.
MM INDICATES DATA IS MISSING.
T  INDICATES TRACE AMOUNT.

$$
