000
CDUS43 KGLD 170751 RRA
CLIITR

CLIMATE REPORT
NATIONAL WEATHER SERVICE GOODLAND
141 AM MDT TUE APR 17 2018


...................................

...THE BURLINGTON CO CLIMATE SUMMARY FOR APRIL 16 2018...

CLIMATE NORMAL PERIOD 1981 TO 2010
CLIMATE RECORD PERIOD 1896 TO 2018


WEATHER ITEM   OBSERVED TIME   RECORD YEAR NORMAL DEPARTURE LAST
                VALUE   (LST)  VALUE       VALUE  FROM      YEAR
                                                  NORMAL
..................................................................
TEMPERATURE (F)
 YESTERDAY
  MAXIMUM         71    349 PM  91    2002  62      9       66
  MINIMUM         25    527 AM  19    1956  34     -9       44
  AVERAGE         48                        48      0       55

PRECIPITATION (IN)
  YESTERDAY        0.00                      0.05  -0.05      T
  MONTH TO DATE    0.70                      0.59   0.11     0.34
  SINCE MAR 1      1.01                      1.48  -0.47     3.27
  SINCE JAN 1      2.57                      2.28   0.29     3.83

..................................................................

THE BURLINGTON CO CLIMATE NORMALS FOR TODAY
                         NORMAL    RECORD    YEAR
 MAXIMUM TEMPERATURE (F)   63        87      1948
 MINIMUM TEMPERATURE (F)   34        18      1999



-  INDICATES NEGATIVE NUMBERS.
R  INDICATES RECORD WAS SET OR TIED.
MM INDICATES DATA IS MISSING.
T  INDICATES TRACE AMOUNT.

$$
