000
CDUS43 KGLD 090040 RRA
CLIITR

CLIMATE REPORT
NATIONAL WEATHER SERVICE GOODLAND
637 PM MDT TUE MAY 8 2018


...................................

...THE BURLINGTON CO CLIMATE SUMMARY FOR MAY 8 2018...
VALID TODAY AS OF 0600 PM LOCAL TIME.

CLIMATE NORMAL PERIOD 1981 TO 2010
CLIMATE RECORD PERIOD 1896 TO 2018


WEATHER ITEM   OBSERVED TIME   RECORD YEAR NORMAL DEPARTURE LAST
                VALUE   (LST)  VALUE       VALUE  FROM      YEAR
                                                  NORMAL
..................................................................
TEMPERATURE (F)
 TODAY
  MAXIMUM         81    307 PM  93    1963  70     11       80
  MINIMUM         53    255 AM  32    1984  42     11       53
  AVERAGE         67                        56     11       67

PRECIPITATION (IN)
  TODAY            0.00                      0.07  -0.07     0.18
  MONTH TO DATE    0.06                      0.66  -0.60     0.30
  SINCE MAR 1      2.17                      3.01  -0.84     6.12
  SINCE JAN 1      3.73                      3.81  -0.08     6.68

..................................................................




THE BURLINGTON CO CLIMATE NORMALS FOR TOMORROW
                         NORMAL    RECORD    YEAR
 MAXIMUM TEMPERATURE (F)   70        89      1928
 MINIMUM TEMPERATURE (F)   42        26      1997



-  INDICATES NEGATIVE NUMBERS.
R  INDICATES RECORD WAS SET OR TIED.
MM INDICATES DATA IS MISSING.
T  INDICATES TRACE AMOUNT.




$$
