029
CDUS43 KGLD 100059 RRA
CLIITR

CLIMATE REPORT
NATIONAL WEATHER SERVICE GOODLAND
655 PM MDT MON APR 9 2018


...................................

...THE BURLINGTON CO CLIMATE SUMMARY FOR APRIL 9 2018...
VALID TODAY AS OF 0600 PM LOCAL TIME.

CLIMATE NORMAL PERIOD 1981 TO 2010
CLIMATE RECORD PERIOD 1896 TO 2018


WEATHER ITEM   OBSERVED TIME   RECORD YEAR NORMAL DEPARTURE LAST
                VALUE   (LST)  VALUE       VALUE  FROM      YEAR
                                                  NORMAL
..................................................................
TEMPERATURE (F)
 TODAY
  MAXIMUM         57    447 PM  88    1930  61     -4       70
  MINIMUM         37    141 AM  10    1928  31      6       36
  AVERAGE         47                        46      1       53

PRECIPITATION (IN)
  TODAY            0.00                      0.04  -0.04     0.00
  MONTH TO DATE    0.29                      0.25   0.04     0.34
  SINCE MAR 1      0.60                      1.14  -0.54     3.27
  SINCE JAN 1      2.16                      1.94   0.22     3.83

..................................................................







THE BURLINGTON CO CLIMATE NORMALS FOR TOMORROW
                         NORMAL    RECORD    YEAR
 MAXIMUM TEMPERATURE (F)   61        86      1907
 MINIMUM TEMPERATURE (F)   32         9      2013
                                             1921



-  INDICATES NEGATIVE NUMBERS.
R  INDICATES RECORD WAS SET OR TIED.
MM INDICATES DATA IS MISSING.
T  INDICATES TRACE AMOUNT.




$$
