336
CDUS43 KGLD 090058
CLIITR

CLIMATE REPORT
NATIONAL WEATHER SERVICE GOODLAND
655 PM MDT SUN APR 8 2018

...................................

...THE BURLINGTON CO CLIMATE SUMMARY FOR APRIL 8 2018...
VALID TODAY AS OF 0600 PM LOCAL TIME.

CLIMATE NORMAL PERIOD 1981 TO 2010
CLIMATE RECORD PERIOD 1896 TO 2018

WEATHER ITEM   OBSERVED TIME   RECORD YEAR NORMAL DEPARTURE LAST
                VALUE   (LST)  VALUE       VALUE  FROM      YEAR
                                                  NORMAL
..................................................................
TEMPERATURE (F)
 TODAY
  MAXIMUM         69    147 PM  85    1930  60      9       73
  MINIMUM         36   1225 AM  10    1938  31      5       44
                                      1914
  AVERAGE         53                        46      7       59

PRECIPITATION (IN)
  TODAY            0.20                      0.03   0.17     0.00
  MONTH TO DATE    0.25                      0.21   0.04     0.34
  SINCE MAR 1      0.56                      1.10  -0.54     3.27
  SINCE JAN 1      2.12                      1.90   0.22     3.83

..................................................................

THE BURLINGTON CO CLIMATE NORMALS FOR TOMORROW
                         NORMAL    RECORD    YEAR
 MAXIMUM TEMPERATURE (F)   61        88      1930
 MINIMUM TEMPERATURE (F)   31        10      1928

-  INDICATES NEGATIVE NUMBERS.
R  INDICATES RECORD WAS SET OR TIED.
MM INDICATES DATA IS MISSING.
T  INDICATES TRACE AMOUNT.

$$
