000
CXUS53 KGLD 010800
CF6MCK
PRELIMINARY LOCAL CLIMATOLOGICAL DATA (WS FORM: F-6)
STATION: MCCOOK NE
MONTH: MAY
YEAR: 2023
LATITUDE: 40 13 N
LONGITUDE: 100 35 W
TEMPERATURE IN F: :PCPN: SNOW: WIND :SUNSHINE: SKY :PK WND
================================================================================
1 2 3 4 5 6A 6B 7 8 9 10 11 12 13 14 15 16 17 18
12Z AVG MX 2MIN
DY MAX MIN AVG DEP HDD CDD WTR SNW DPTH SPD SPD DIR MIN PSBL S-S WX SPD DR
================================================================================
1 69 27 48 -7 17 0 0.00 M M 4.9 12 360 M M 0 16 10
2 70 30 50 -5 15 0 0.00 M M 5.0 12 30 M M 0 16 90
3 80 39 60 4 5 0 0.00 M M 8.8 22 180 M M 1 31 150
4 84 51 68 12 0 3 0.00 M M 11.0 22 160 M M 0 29 160
5 84 50 67 10 0 2 0.00 M M 10.1 41 340 M M 2 3 52 340
6 83 52 68 11 0 3 0.00 M M 8.2 22 10 M M 2 29 350
7 81 51 66 9 0 1 T M M 15.0 41 320 M M 1 38 59 320
8 82 46 64 6 1 0 0.00 M M 5.2 13 70 M M 1 18 16 90
9 75 55 65 7 0 0 0.78 M M 12.5 31 20 M M 4 13 42 360
10 77 55 66 7 0 1 0.39 M M 11.5 32 90 M M 7 138 42 130
11 76 53 65 6 0 0 1.62 M M 14.3 33 110 M M 7 138 46 110
12 67 53 60 1 5 0 0.67 M M 12.9 24 50 M M 7 13 33 60
13 72 55 64 4 1 0 0.00 M M 13.6 23 330 M M 5 29 330
14 63 53 58 -2 7 0 T M M 12.0 18 10 M M 10 23 30
15 60 52 56 -5 9 0 0.00 M M 9.5 16 30 M M 10 20 40
16 75 50 63 2 2 0 0.00 M M 4.3 10 50 M M 4 14 60
17 79 46 63 1 2 0 0.14 M M 4.8 38 360 M M 1 138 49 360
18 75 54 65 3 0 0 0.00 M M 7.9 14 40 M M 2 18 17 40
19 67 46 57 -5 8 0 0.00 M M 9.9 22 40 M M 3 18 29 50
20 73 40 57 -6 8 0 0.00 M M 4.5 14 210 M M 0 1 19 200
21 79 48 64 1 1 0 0.00 M M 8.1 18 150 M M 2 18 24 190
22 77 56 67 3 0 2 0.00 M M 7.5 17 160 M M 2 18 24 150
23 77 56 67 3 0 2 0.00 M M 8.2 16 140 M M 4 18 22 160
24 78 53 66 2 0 1 0.00 M M 8.9 21 180 M M 4 18 30 180
25 68 58 63 -2 2 0 0.28 M M 10.8 23 140 M M 8 138 30 140
26 75 58 67 2 0 2 6.06 M M 11.0 22 150 M M 9 1238 31 120
27 75 57 66 0 0 1 0.00 M M 13.3 28 160 M M 4 138 40 160
28 78 57 68 2 0 3 0.46 M M 8.4 24 70 M M 6 13 31 80
29 84 58 71 5 0 6 0.54 M M 9.1 39 330 M M 1 13 56 320
30 85 59 72 5 0 7 T M M 9.2 28 340 M M 2 3 38 340
31 81 58 70 3 0 5 0.00 M M 6.6 16 110 M M 0 21 150
================================================================================
SM 2349 1576 83 39 10.94 M 287.0 M 109
================================================================================
AV 75.8 50.8 9.3 FASTST M M 4 MAX(MPH)
MISC ----> # 41 340 59 320
================================================================================
NOTES:
# LAST OF SEVERAL OCCURRENCES
COLUMN 17 PEAK WIND IN M.P.H.
PRELIMINARY LOCAL CLIMATOLOGICAL DATA (WS FORM: F-6) , PAGE 2
STATION: MCCOOK NE
MONTH: MAY
YEAR: 2023
LATITUDE: 40 13 N
LONGITUDE: 100 35 W
[TEMPERATURE DATA] [PRECIPITATION DATA] SYMBOLS USED IN COLUMN 16
AVERAGE MONTHLY: 63.3 TOTAL FOR MONTH: 10.94 1 = FOG OR MIST
DPTR FM NORMAL: 2.2 DPTR FM NORMAL: 7.86 2 = FOG REDUCING VISIBILITY
HIGHEST: 85 ON 30 GRTST 24HR 6.34 ON 25-26 TO 1/4 MILE OR LESS
LOWEST: 27 ON 1 3 = THUNDER
SNOW, ICE PELLETS, HAIL 4 = ICE PELLETS
TOTAL MONTH: M 5 = HAIL
GRTST 24HR M ON M 6 = FREEZING RAIN OR DRIZZLE
GRTST DEPTH: M ON M 7 = DUSTSTORM OR SANDSTORM:
VSBY 1/2 MILE OR LESS
8 = SMOKE OR HAZE
[NO. OF DAYS WITH] [WEATHER - DAYS WITH] 9 = BLOWING SNOW
X = TORNADO
MAX 32 OR BELOW: 0 0.01 INCH OR MORE: 9
MAX 90 OR ABOVE: 0 0.10 INCH OR MORE: 9
MIN 32 OR BELOW: 2 0.50 INCH OR MORE: 5
MIN 0 OR BELOW: 0 1.00 INCH OR MORE: 2
[HDD (BASE 65) ]
TOTAL THIS MO. 83 CLEAR (SCALE 0-3) 17
DPTR FM NORMAL -95 PTCLDY (SCALE 4-7) 11
TOTAL FM JUL 1 5781 CLOUDY (SCALE 8-10) 3
DPTR FM NORMAL 25
[CDD (BASE 65) ]
TOTAL THIS MO. 39
DPTR FM NORMAL -19 [PRESSURE DATA]
TOTAL FM JAN 1 57 HIGHEST SLP M ON M
DPTR FM NORMAL -6 LOWEST SLP 29.60 ON 4
[REMARKS]
#FINAL-05-23#