000
CDUS43 KGLD 180038 RRB
CLIMCK

CLIMATE REPORT
NATIONAL WEATHER SERVICE GOODLAND
635 PM MDT THU MAY 17 2018

...................................

...THE MCCOOK NE CLIMATE SUMMARY FOR MAY 17 2018...
VALID TODAY AS OF 0600 PM LOCAL TIME.

CLIMATE NORMAL PERIOD 1981 TO 2010
CLIMATE RECORD PERIOD 1896 TO 2018

WEATHER ITEM   OBSERVED TIME   RECORD YEAR NORMAL DEPARTURE LAST
                VALUE   (LST)  VALUE       VALUE  FROM      YEAR
                                                  NORMAL
..................................................................
TEMPERATURE (F)
 TODAY
  MAXIMUM         90    231 PM 104    1927  74     16       70
  MINIMUM         56    522 AM  32    1930  46     10       52
  AVERAGE         73                        60     13       61

PRECIPITATION (IN)
  TODAY            0.00                      0.10  -0.10     0.01
  MONTH TO DATE    0.29                      1.62  -1.33     1.50
  SINCE MAR 1      1.83                      5.29  -3.46     5.28
  SINCE JAN 1      3.34                      6.42  -3.08     5.98

..................................................................

THE MCCOOK NE CLIMATE NORMALS FOR TOMORROW
                         NORMAL    RECORD    YEAR
 MAXIMUM TEMPERATURE (F)   74        99      1996
 MINIMUM TEMPERATURE (F)   47        31      1910

-  INDICATES NEGATIVE NUMBERS.
R  INDICATES RECORD WAS SET OR TIED.
MM INDICATES DATA IS MISSING.
T  INDICATES TRACE AMOUNT.

$$
