000
CDUS43 KGLD 120741 RRB
CLIMCK

CLIMATE REPORT
NATIONAL WEATHER SERVICE GOODLAND
137 AM MDT THU APR 12 2018

...................................

...THE MCCOOK NE CLIMATE SUMMARY FOR APRIL 11 2018...

CLIMATE NORMAL PERIOD 1981 TO 2010
CLIMATE RECORD PERIOD 1896 TO 2018


WEATHER ITEM   OBSERVED TIME   RECORD YEAR NORMAL DEPARTURE LAST
                VALUE   (LST)  VALUE       VALUE  FROM      YEAR
                                                  NORMAL
..................................................................
TEMPERATURE (F)
 YESTERDAY
  MAXIMUM         84    518 PM  93    1977  63     21       74
  MINIMUM         37    642 AM  15    1997  33      4       25
  AVERAGE         61                        48     13       50

PRECIPITATION (IN)
  YESTERDAY        0.00                      0.07  -0.07     0.00
  MONTH TO DATE    0.07                      0.65  -0.58     0.01
  SINCE MAR 1      0.44                      2.01  -1.57     1.01
  SINCE JAN 1      1.95                      3.14  -1.19     1.71

..................................................................

THE MCCOOK NE CLIMATE NORMALS FOR TODAY
                         NORMAL    RECORD    YEAR
 MAXIMUM TEMPERATURE (F)   63        91      1931
 MINIMUM TEMPERATURE (F)   33        12      1997



-  INDICATES NEGATIVE NUMBERS.
R  INDICATES RECORD WAS SET OR TIED.
MM INDICATES DATA IS MISSING.
T  INDICATES TRACE AMOUNT.




$$
