329
CDUS43 KGLD 250758
CLIMCK

CLIMATE REPORT
NATIONAL WEATHER SERVICE GOODLAND
638 PM MDT THU MAY 24 2018

...................................

...THE MCCOOK NE CLIMATE SUMMARY FOR MAY 24 2018...
VALID TODAY AS OF 0600 PM LOCAL TIME.

CLIMATE NORMAL PERIOD 1981 TO 2010
CLIMATE RECORD PERIOD 1896 TO 2018


WEATHER ITEM   OBSERVED TIME   RECORD YEAR NORMAL DEPARTURE LAST
                VALUE   (LST)  VALUE       VALUE  FROM      YEAR
                                                  NORMAL
..................................................................
TEMPERATURE (F)
 TODAY
  MAXIMUM         90    325 PM  99    1967  76     14       73
  MINIMUM         59    604 AM  32    1910  49     10       34
  AVERAGE         75                        62     13       54

PRECIPITATION (IN)
  TODAY            0.00                      0.10  -0.10     0.00
  MONTH TO DATE    1.71                      2.33  -0.62     2.83
  SINCE MAR 1      3.25                      6.00  -2.75     6.61
  SINCE JAN 1      4.76                      7.13  -2.37     7.31

..................................................................

THE MCCOOK NE CLIMATE NORMALS FOR TOMORROW
                         NORMAL    RECORD    YEAR
 MAXIMUM TEMPERATURE (F)   76       100      1964
 MINIMUM TEMPERATURE (F)   49        37      2002



-  INDICATES NEGATIVE NUMBERS.
R  INDICATES RECORD WAS SET OR TIED.
MM INDICATES DATA IS MISSING.
T  INDICATES TRACE AMOUNT.




$$
