517
CDUS43 KGLD 190041 RRA
CLIMCK

CLIMATE REPORT
NATIONAL WEATHER SERVICE GOODLAND
637 PM MDT FRI MAY 18 2018
...................................

...THE MCCOOK NE CLIMATE SUMMARY FOR MAY 18 2018...
VALID TODAY AS OF 0600 PM LOCAL TIME.

CLIMATE NORMAL PERIOD 1981 TO 2010
CLIMATE RECORD PERIOD 1896 TO 2018

WEATHER ITEM   OBSERVED TIME   RECORD YEAR NORMAL DEPARTURE LAST
                VALUE   (LST)  VALUE       VALUE  FROM      YEAR
                                                  NORMAL
..................................................................
TEMPERATURE (F)
 TODAY
  MAXIMUM         74    413 PM  99    1996  74      0       52
  MINIMUM         54    547 AM  31    1910  47      7       49
  AVERAGE         64                        60      4       51

PRECIPITATION (IN)
  TODAY            0.86                      0.10   0.76     0.04
  MONTH TO DATE    1.15                      1.72  -0.57     1.54
  SINCE MAR 1      2.69                      5.39  -2.70     5.32
  SINCE JAN 1      4.20                      6.52  -2.32     6.02

..................................................................

THE MCCOOK NE CLIMATE NORMALS FOR TOMORROW
                         NORMAL    RECORD    YEAR
 MAXIMUM TEMPERATURE (F)   74        99      1948
 MINIMUM TEMPERATURE (F)   47        32      1983

-  INDICATES NEGATIVE NUMBERS.
R  INDICATES RECORD WAS SET OR TIED.
MM INDICATES DATA IS MISSING.
T  INDICATES TRACE AMOUNT.

$$
