000
CDUS43 KGLD 070751 RRA
CLIMCK

CLIMATE REPORT
NATIONAL WEATHER SERVICE GOODLAND
139 AM MDT MON MAY 7 2018

...................................

...THE MCCOOK NE CLIMATE SUMMARY FOR MAY 6 2018...

CLIMATE NORMAL PERIOD 1981 TO 2010
CLIMATE RECORD PERIOD 1896 TO 2018

WEATHER ITEM   OBSERVED TIME   RECORD YEAR NORMAL DEPARTURE LAST
                VALUE   (LST)  VALUE       VALUE  FROM      YEAR
                                                  NORMAL
..................................................................
TEMPERATURE (F)
 YESTERDAY
  MAXIMUM         83    214 PM  98    1916  71     12       88
  MINIMUM         44    559 AM  29    1989  42      2       43
  AVERAGE         64                        56      8       66

PRECIPITATION (IN)
  YESTERDAY        0.00                      0.10  -0.10     0.00
  MONTH TO DATE    0.00                      0.58  -0.58     0.01
  SINCE MAR 1      1.54                      4.25  -2.71     3.79
  SINCE JAN 1      3.05                      5.38  -2.33     4.49

..................................................................

THE MCCOOK NE CLIMATE NORMALS FOR TODAY
                         NORMAL    RECORD    YEAR
 MAXIMUM TEMPERATURE (F)   71        99      1916
 MINIMUM TEMPERATURE (F)   43        30      1917

-  INDICATES NEGATIVE NUMBERS.
R  INDICATES RECORD WAS SET OR TIED.
MM INDICATES DATA IS MISSING.
T  INDICATES TRACE AMOUNT.

$$
