000
CDUS43 KGLD 281040 RRA
CLIMCK

CLIMATE REPORT
NATIONAL WEATHER SERVICE GOODLAND
436 AM MDT SAT APR 28 2018


...................................

...THE MCCOOK NE CLIMATE SUMMARY FOR APRIL 27 2018...

CLIMATE NORMAL PERIOD 1981 TO 2010
CLIMATE RECORD PERIOD 1896 TO 2018


WEATHER ITEM   OBSERVED TIME   RECORD YEAR NORMAL DEPARTURE LAST
                VALUE   (LST)  VALUE       VALUE  FROM      YEAR
                                                  NORMAL
..................................................................
TEMPERATURE (F)
 YESTERDAY
  MAXIMUM         78    443 PM  92    1955  68     10       56
  MINIMUM         33    520 AM  25    1988  39     -6       29
  AVERAGE         56                        54      2       43

PRECIPITATION (IN)
  YESTERDAY        0.00                      0.09  -0.09     0.39
  MONTH TO DATE    1.02                      2.03  -1.01     0.51
  SINCE MAR 1      1.39                      3.39  -2.00     1.51
  SINCE JAN 1      2.90                      4.52  -1.62     2.21

..................................................................




THE MCCOOK NE CLIMATE NORMALS FOR TODAY
                         NORMAL    RECORD    YEAR
 MAXIMUM TEMPERATURE (F)   69        98      1910
 MINIMUM TEMPERATURE (F)   39        24      1966



-  INDICATES NEGATIVE NUMBERS.
R  INDICATES RECORD WAS SET OR TIED.
MM INDICATES DATA IS MISSING.
T  INDICATES TRACE AMOUNT.




$$
