400
CDUS43 KGLD 140746 RRA
CLIMCK

CLIMATE REPORT
NATIONAL WEATHER SERVICE GOODLAND
139 AM MDT MON MAY 14 2018


...................................

...THE MCCOOK NE CLIMATE SUMMARY FOR MAY 13 2018...

CLIMATE NORMAL PERIOD 1981 TO 2010
CLIMATE RECORD PERIOD 1896 TO 2018


WEATHER ITEM   OBSERVED TIME   RECORD YEAR NORMAL DEPARTURE LAST
                VALUE   (LST)  VALUE       VALUE  FROM      YEAR
                                                  NORMAL
..................................................................
TEMPERATURE (F)
 YESTERDAY
  MAXIMUM         67    411 PM  95    2013  73     -6       82
                                      1962
  MINIMUM         49    459 AM  26    1966  45      4       45
  AVERAGE         58                        59     -1       64

PRECIPITATION (IN)
  YESTERDAY        0.08                      0.10  -0.02     0.00
  MONTH TO DATE    0.08                      1.23  -1.15     1.02
  SINCE MAR 1      1.62                      4.90  -3.28     4.80
  SINCE JAN 1      3.13                      6.03  -2.90     5.50

..................................................................

THE MCCOOK NE CLIMATE NORMALS FOR TODAY
                         NORMAL    RECORD    YEAR
 MAXIMUM TEMPERATURE (F)   73       100      2013
 MINIMUM TEMPERATURE (F)   45        29      2004



-  INDICATES NEGATIVE NUMBERS.
R  INDICATES RECORD WAS SET OR TIED.
MM INDICATES DATA IS MISSING.
T  INDICATES TRACE AMOUNT.

$$
