000
CDUS43 KGLD 270810
CLIMCK

CLIMATE REPORT
NATIONAL WEATHER SERVICE GOODLAND
209 AM MDT FRI APR 27 2018


...................................

...THE MCCOOK NE CLIMATE SUMMARY FOR APRIL 26 2018...

CLIMATE NORMAL PERIOD 1981 TO 2010
CLIMATE RECORD PERIOD 1896 TO 2018


WEATHER ITEM   OBSERVED TIME   RECORD YEAR NORMAL DEPARTURE LAST
                VALUE   (LST)  VALUE       VALUE  FROM      YEAR
                                                  NORMAL
..................................................................
TEMPERATURE (F)
 YESTERDAY
  MAXIMUM         66    310 PM  93    1955  68     -2       57
  MINIMUM         36    519 AM  23    2006  39     -3       33
  AVERAGE         51                        53     -2       45

PRECIPITATION (IN)
  YESTERDAY        0.00                      0.10  -0.10     0.00
  MONTH TO DATE    1.02                      1.94  -0.92     0.12
  SINCE MAR 1      1.39                      3.30  -1.91     1.12
  SINCE JAN 1      2.90                      4.43  -1.53     1.82

..................................................................




THE MCCOOK NE CLIMATE NORMALS FOR TODAY
                         NORMAL    RECORD    YEAR
 MAXIMUM TEMPERATURE (F)   68        92      1955
 MINIMUM TEMPERATURE (F)   39        25      1988



-  INDICATES NEGATIVE NUMBERS.
R  INDICATES RECORD WAS SET OR TIED.
MM INDICATES DATA IS MISSING.
T  INDICATES TRACE AMOUNT.




$$
