000
CDUS43 KGLD 190809 RRA
CLIMCK

CLIMATE REPORT
NATIONAL WEATHER SERVICE GOODLAND
205 AM MDT THU APR 19 2018
...................................

...THE MCCOOK NE CLIMATE SUMMARY FOR APRIL 18 2018...

CLIMATE NORMAL PERIOD 1981 TO 2010
CLIMATE RECORD PERIOD 1896 TO 2018

WEATHER ITEM   OBSERVED TIME   RECORD YEAR NORMAL DEPARTURE LAST
                VALUE   (LST)  VALUE       VALUE  FROM      YEAR
                                                  NORMAL
..................................................................
TEMPERATURE (F)
 YESTERDAY
  MAXIMUM         60    453 PM  95    1948  65     -5       78
  MINIMUM         35   1120 PM  16    1912  35      0       52
  AVERAGE         48                        50     -2       65

PRECIPITATION (IN)
  YESTERDAY        0.00                      0.08  -0.08     0.00
  MONTH TO DATE    0.18                      1.20  -1.02     0.01
  SINCE MAR 1      0.55                      2.56  -2.01     1.01
  SINCE JAN 1      2.06                      3.69  -1.63     1.71

..................................................................

THE MCCOOK NE CLIMATE NORMALS FOR TODAY
                         NORMAL    RECORD    YEAR
 MAXIMUM TEMPERATURE (F)   66        91      1961
 MINIMUM TEMPERATURE (F)   36        20      2013

-  INDICATES NEGATIVE NUMBERS.
R  INDICATES RECORD WAS SET OR TIED.
MM INDICATES DATA IS MISSING.
T  INDICATES TRACE AMOUNT.

$$
