000
CXUS54 KFWD 010830
CF60F2
PRELIMINARY LOCAL CLIMATOLOGICAL DATA (WS FORM: F-6)
STATION: BOWIE
MONTH: NOVEMBER
YEAR: 2021
LATITUDE: 33 36 N
LONGITUDE: 97 47 W
TEMPERATURE IN F: :PCPN: SNOW: WIND :SUNSHINE: SKY :PK WND
================================================================================
1 2 3 4 5 6A 6B 7 8 9 10 11 12 13 14 15 16 17 18
12Z AVG MX 2MIN
DY MAX MIN AVG DEP HDD CDD WTR SNW DPTH SPD SPD DIR MIN PSBL S-S WX SPD DR
================================================================================
1 M M M M M M M M M 1.3 5 100 M M 4 M M
2 M M M M M M M M M M M M M M M M M
3 M M M M M M M M M M M M M M M M M
4 53 38 46 -11 19 0 0.00 M M 0.0 M M M M 5 1 M M
5 60 37 49 -8 16 0 0.00 M M 3.4 9 140 M M 4 M M
6 67 38 53 -4 12 0 0.00 M M 5.3 12 170 M M 0 17 170
7 74 42 58 2 7 0 0.00 M M 6.7 14 190 M M 0 21 190
8 72 49 61 5 4 0 0.00 M M 8.6 14 170 M M 0 18 160
9 76 57 67 12 0 2 0.00 M M 7.0 12 180 M M 0 21 200
10 72 55 64 9 1 0 0.32 M M 9.2 16 180 M M 6 43 130
11 65 40 53 -1 12 0 M M M 5.6 14 360 M M 0 9 340
12 64 42 53 -1 12 0 0.00 M M 6.8 18 340 M M 0 29 350
13 66 32 49 -5 16 0 0.00 M M 4.8 10 180 M M 0 16 170
14 69 39 54 1 11 0 0.00 M M 3.3 10 50 M M 0 17 60
15 78 40 59 6 6 0 0.00 M M 4.1 10 160 M M 0 M M
16 82 56 69 17 0 4 0.03 M M 11.6 21 180 M M 0 30 180
17 75 44 60 8 5 0 0.00 M M 14.1 18 340 M M 0 24 190
18 59 34 47 -5 18 0 0.00 M M 6.9 15 30 M M 0 20 50
19 60 32 46 -5 19 0 0.00 M M 7.6 15 160 M M 0 22 180
20 75 47 61 10 4 0 0.00 M M 11.1 17 190 M M 0 24 180
21 62 43 53 3 12 0 0.00 M M 10.0 17 350 M M 2 24 350
22 65 33 49 -1 16 0 0.00 M M 3.2 8 350 M M 0 M M
23 71 36 54 5 11 0 0.00 M M 7.4 16 170 M M 0 24 180
24 73 53 63 14 2 0 0.00 M M 11.3 22 200 M M 3 28 190
25 60 33 47 -1 18 0 0.00 M M 13.1 21 350 M M 0 31 350
26 61 25 43 -5 22 0 0.00 M M 5.5 12 180 M M 0 17 210
27 55 38 47 -1 18 0 0.19 M M 4.7 12 190 M M 7 18 180
28 64 37 51 4 14 0 0.00 M M 5.1 10 360 M M 1 12 16 350
29 74 34 54 7 11 0 0.00 M M 4.3 10 190 M M 0 16 180
30 76 40 58 12 7 0 0.00 M M 4.9 12 170 M M 0 17 170
================================================================================
SM 1828 1094 293 6 0.54 M 186.8 M 32
================================================================================
AV 67.7 40.5 6.7 FASTST M M 1 MAX(MPH)
MISC ----> 22 200 43 130
================================================================================
NOTES:
# LAST OF SEVERAL OCCURRENCES
COLUMN 17 PEAK WIND IN M.P.H.
PRELIMINARY LOCAL CLIMATOLOGICAL DATA (WS FORM: F-6) , PAGE 2
STATION: BOWIE
MONTH: NOVEMBER
YEAR: 2021
LATITUDE: 33 36 N
LONGITUDE: 97 47 W
[TEMPERATURE DATA] [PRECIPITATION DATA] SYMBOLS USED IN COLUMN 16
AVERAGE MONTHLY: 54.1 TOTAL FOR MONTH: 0.54 1 = FOG OR MIST
DPTR FM NORMAL: 1.6 DPTR FM NORMAL: -1.67 2 = FOG REDUCING VISIBILITY
HIGHEST: 82 ON 16 GRTST 24HR 0.32 ON 10-10 TO 1/4 MILE OR LESS
LOWEST: 25 ON 26 3 = THUNDER
SNOW, ICE PELLETS, HAIL 4 = ICE PELLETS
TOTAL MONTH: M 5 = HAIL
GRTST 24HR M ON M 6 = FREEZING RAIN OR DRIZZLE
GRTST DEPTH: M ON M 7 = DUSTSTORM OR SANDSTORM:
VSBY 1/2 MILE OR LESS
8 = SMOKE OR HAZE
[NO. OF DAYS WITH] [WEATHER - DAYS WITH] 9 = BLOWING SNOW
X = TORNADO
MAX 32 OR BELOW: 0 0.01 INCH OR MORE: 3
MAX 90 OR ABOVE: 0 0.10 INCH OR MORE: 2
MIN 32 OR BELOW: 3 0.50 INCH OR MORE: 0
MIN 0 OR BELOW: 0 1.00 INCH OR MORE: 0
[HDD (BASE 65) ]
TOTAL THIS MO. 293 CLEAR (SCALE 0-3) 23
DPTR FM NORMAL -90 PTCLDY (SCALE 4-7) 5
TOTAL FM JUL 1 344 CLOUDY (SCALE 8-10) 2
DPTR FM NORMAL -180
[CDD (BASE 65) ]
TOTAL THIS MO. 6
DPTR FM NORMAL -4 [PRESSURE DATA]
TOTAL FM JAN 1 2123 HIGHEST SLP M ON M
DPTR FM NORMAL 51 LOWEST SLP M ON M
[REMARKS]
#FINAL-11-21#