000
CXUS54 KHGX 011626
CF611R
PRELIMINARY LOCAL CLIMATOLOGICAL DATA (WS FORM: F-6)
STATION: BRENHAM
MONTH: NOVEMBER
YEAR: 2021
LATITUDE: 30 13 N
LONGITUDE: 96 22 W
TEMPERATURE IN F: :PCPN: SNOW: WIND :SUNSHINE: SKY :PK WND
================================================================================
1 2 3 4 5 6A 6B 7 8 9 10 11 12 13 14 15 16 17 18
12Z AVG MX 2MIN
DY MAX MIN AVG DEP HDD CDD WTR SNW DPTH SPD SPD DIR MIN PSBL S-S WX SPD DR
================================================================================
1 81 49 65 M 0 0 0.00 0.0 0 1.7 9 160 M M 0 M M
2 82 54 68 M 0 3 0.00 0.0 0 1.0 5 140 M M 6 12 M M
3 67 51 59 M 6 0 1.72 0.0 0 4.2 15 20 M M 9 13 21 20
4 58 47 53 M 12 0 0.00 0.0 0 6.1 13 10 M M 7 1 20 10
5 63 41 52 M 13 0 0.00 0.0 0 1.3 7 360 M M 0 M M
6 69 40 55 M 10 0 0.00 0.0 0 0.7 6 20 M M 0 M M
7 73 42 58 M 7 0 0.00 0.0 0 1.3 7 170 M M 0 1 M M
8 78 45 62 M 3 0 0.00 0.0 0 2.8 9 180 M M 2 12 M M
9 77 55 66 M 0 1 0.00 0.0 0 1.7 8 160 M M 2 1 M M
10 82 63 73 M 0 8 0.00 0.0 0 5.8 14 190 M M 8 1 21 180
11 74 51 63 M 2 0 0.08 0.0 0 6.6 15 350 M M 1 23 350
12 77 45 61 M 4 0 0.00 0.0 0 3.1 12 10 M M 0 20 320
13 67 40 54 M 11 0 0.00 0.0 0 1.3 6 350 M M 0 M M
14 79 45 62 M 3 0 0.00 0.0 0 3.0 12 230 M M 0 16 230
15 82 54 68 M 0 3 0.00 0.0 0 4.7 14 210 M M 3 1 20 220
16 83 61 72 M 0 7 0.00 0.0 0 7.7 15 170 M M 4 1 23 170
17 85 64 75 M 0 10 0.00 0.0 0 6.7 16 180 M M 3 21 200
18 68 50 59 M 6 0 0.00 0.0 0 8.7 17 340 M M 3 24 360
19 67 41 54 M 11 0 0.00 0.0 0 1.0 5 30 M M 0 M M
20 77 47 62 M 3 0 0.00 0.0 0 2.3 9 200 M M 6 1 M M
21 80 62 71 M 0 6 0.00 0.0 0 4.5 18 350 M M 9 1 24 330
22 70 42 56 M 9 0 0.00 0.0 0 7.0 14 350 M M 0 21 350
23 71 37 54 M 11 0 0.00 0.0 0 3.5 8 150 M M 0 M M
24 80 54 67 M 0 2 0.00 0.0 0 6.7 15 170 M M 6 24 170
25 69 51 60 M 5 0 0.22 0.0 0 8.8 21 M M M 7 28 340
26 56 42 49 M 16 0 0.00 0.0 0 4.7 8 330 M M 0 16 30
27 52 45 49 M 16 0 0.66 0.0 0 1.0 7 240 M M 8 1 M M
28 65 45 55 M 10 0 0.02 0.0 0 3.8 9 350 M M 6 1 M M
29 72 41 57 M 8 0 0.00 0.0 0 1.4 5 180 M M 0 M M
30 75 43 59 M 6 0 0.00 0.0 0 2.3 9 190 M M 1 12 M M
================================================================================
SM 2179 1447 172 40 2.70 0.0 115.4 M 91
================================================================================
AV 72.6 48.2 3.8 FASTST M M 3 MAX(MPH)
MISC ----> 21 9999 28 340
================================================================================
NOTES:
# LAST OF SEVERAL OCCURRENCES
COLUMN 17 PEAK WIND IN M.P.H.
PRELIMINARY LOCAL CLIMATOLOGICAL DATA (WS FORM: F-6) , PAGE 2
STATION: BRENHAM
MONTH: NOVEMBER
YEAR: 2021
LATITUDE: 30 13 N
LONGITUDE: 96 22 W
[TEMPERATURE DATA] [PRECIPITATION DATA] SYMBOLS USED IN COLUMN 16
AVERAGE MONTHLY: 60.4 TOTAL FOR MONTH: 2.70 1 = FOG OR MIST
DPTR FM NORMAL: 8.0 DPTR FM NORMAL: -1.26 2 = FOG REDUCING VISIBILITY
HIGHEST: 85 ON 17 GRTST 24HR 1.72 ON 3- 3 TO 1/4 MILE OR LESS
LOWEST: 37 ON 23 3 = THUNDER
SNOW, ICE PELLETS, HAIL 4 = ICE PELLETS
TOTAL MONTH: 0.0 INCH 5 = HAIL
GRTST 24HR 0.0 6 = FREEZING RAIN OR DRIZZLE
GRTST DEPTH: 0 7 = DUSTSTORM OR SANDSTORM:
VSBY 1/2 MILE OR LESS
8 = SMOKE OR HAZE
[NO. OF DAYS WITH] [WEATHER - DAYS WITH] 9 = BLOWING SNOW
X = TORNADO
MAX 32 OR BELOW: 0 0.01 INCH OR MORE: 5
MAX 90 OR ABOVE: 0 0.10 INCH OR MORE: 3
MIN 32 OR BELOW: 0 0.50 INCH OR MORE: 2
MIN 0 OR BELOW: 0 1.00 INCH OR MORE: 1
[HDD (BASE 65) ]
TOTAL THIS MO. 172 CLEAR (SCALE 0-3) 19
DPTR FM NORMAL M PTCLDY (SCALE 4-7) 9
TOTAL FM JUL 1 186 CLOUDY (SCALE 8-10) 2
DPTR FM NORMAL M
[CDD (BASE 65) ]
TOTAL THIS MO. 40
DPTR FM NORMAL M [PRESSURE DATA]
TOTAL FM JAN 1 3123 HIGHEST SLP M ON M
DPTR FM NORMAL M LOWEST SLP M ON M
[REMARKS]
#FINAL-11-21#