000
CXUS55 KBOU 012358
CF620V
PRELIMINARY LOCAL CLIMATOLOGICAL DATA (WS FORM: F-6)
STATION: KREMMLING
MONTH: SEPTEMBER
YEAR: 2020
LATITUDE: 40 3 N
LONGITUDE: 106 22 W
TEMPERATURE IN F: :PCPN: SNOW: WIND :SUNSHINE: SKY :PK WND
================================================================================
1 2 3 4 5 6A 6B 7 8 9 10 11 12 13 14 15 16 17 18
12Z AVG MX 2MIN
DY MAX MIN AVG DEP HDD CDD WTR SNW DPTH SPD SPD DIR MIN PSBL S-S WX SPD DR
================================================================================
1 70 41 56 M 9 0 M M M 4.3 10 350 M M 4 M M
2 81 32 57 M 8 0 M M M 3.2 16 330 M M 0 20 330
3 86 34 60 M 5 0 M M M 3.1 15 340 M M 0 23 340
4 88 34 61 M 4 0 M M M 2.7 13 340 M M 0 17 340
5 90 36 63 M 2 0 M M M 2.7 13 340 M M 0 22 340
6 88 36 62 M 3 0 M M M 2.8 14 310 M M 0 24 310
7 81 34 58 M 7 0 M M M 4.5 15 110 M M 0 24 290
8 59 32 46 M 19 0 M M M 15.2 29 110 M M 8 41 110
9 32 32 32 M 33 0 M M M 4.6 5 120 M M 10 M M
10 M M M M M M M M M M M M M M M M M
11 M M M M M M M M M M M M M M M M M
12 M M M M M M M M M M M M M M M M M
13 M M M M M M M M M M M M M M M M M
14 M M M M M M M M M M M M M M M M M
15 79 41 60 M 5 0 M M M 3.5 9 340 M M 0 16 300
16 77 30 54 M 11 0 M M M 1.1 8 90 M M 0 M M
17 79 32 56 M 9 0 M M M 1.3 9 110 M M 1 M M
18 79 32 56 M 9 0 M M M 2.2 9 260 M M 1 18 260
19 79 34 57 M 8 0 M M M 5.1 22 250 M M 3 28 250
20 79 36 58 M 7 0 M M M 5.7 25 230 M M 6 33 230
21 79 32 56 M 9 0 M M M 2.7 10 100 M M 2 16 220
22 77 34 56 M 9 0 M M M 2.5 16 330 M M 3 27 310
23 75 37 56 M 9 0 M M M 3.4 12 360 M M 1 23 360
24 81 32 57 M 8 0 M M M 3.9 15 250 M M 0 23 270
25 79 30 55 M 10 0 M M M 6.6 24 240 M M 0 32 240
26 79 37 58 M 7 0 M M M 7.9 23 240 M M 3 38 250
27 59 30 45 M 20 0 M M M 9.5 18 320 M M 5 31 320
28 59 19 39 M 26 0 M M M 3.3 12 320 M M 0 21 320
29 73 21 47 M 18 0 M M M 2.0 12 320 M M 0 23 0
30 73 21 47 M 18 0 M M M 2.8 13 350 M M 0 20 350
================================================================================
SM 1881 809 273 0 M M 106.6 M 47
================================================================================
AV 75.2 32.4 4.3 FASTST M M 2 MAX(MPH)
MISC ----> 29 110 41 110
================================================================================
NOTES:
# LAST OF SEVERAL OCCURRENCES
COLUMN 17 PEAK WIND IN M.P.H.
PRELIMINARY LOCAL CLIMATOLOGICAL DATA (WS FORM: F-6) , PAGE 2
STATION: KREMMLING
MONTH: SEPTEMBER
YEAR: 2020
LATITUDE: 40 3 N
LONGITUDE: 106 22 W
[TEMPERATURE DATA] [PRECIPITATION DATA] SYMBOLS USED IN COLUMN 16
AVERAGE MONTHLY: 53.8 TOTAL FOR MONTH: M 1 = FOG OR MIST
DPTR FM NORMAL: 0.0 DPTR FM NORMAL: M 2 = FOG REDUCING VISIBILITY
HIGHEST: 90 ON 5 GRTST 24HR M ON M TO 1/4 MILE OR LESS
LOWEST: 19 ON 28 3 = THUNDER
SNOW, ICE PELLETS, HAIL 4 = ICE PELLETS
TOTAL MONTH: M 5 = HAIL
GRTST 24HR M ON M 6 = FREEZING RAIN OR DRIZZLE
GRTST DEPTH: M ON M 7 = DUSTSTORM OR SANDSTORM:
VSBY 1/2 MILE OR LESS
8 = SMOKE OR HAZE
[NO. OF DAYS WITH] [WEATHER - DAYS WITH] 9 = BLOWING SNOW
X = TORNADO
MAX 32 OR BELOW: 1 0.01 INCH OR MORE: 0
MAX 90 OR ABOVE: 1 0.10 INCH OR MORE: 0
MIN 32 OR BELOW: 13 0.50 INCH OR MORE: 0
MIN 0 OR BELOW: 0 1.00 INCH OR MORE: 0
[HDD (BASE 65) ]
TOTAL THIS MO. 273 CLEAR (SCALE 0-3) 19
DPTR FM NORMAL M PTCLDY (SCALE 4-7) 5
TOTAL FM JUL 1 400 CLOUDY (SCALE 8-10) 6
DPTR FM NORMAL M
[CDD (BASE 65) ]
TOTAL THIS MO. 0
DPTR FM NORMAL M [PRESSURE DATA]
TOTAL FM JAN 1 40 HIGHEST SLP M ON M
DPTR FM NORMAL M LOWEST SLP M ON M
[REMARKS]
#FINAL-09-20#