000
CXUS54 KMAF 011952
CF66R6
PRELIMINARY LOCAL CLIMATOLOGICAL DATA (WS FORM: F-6)
STATION: TERRELL COUNTY AIRPORT
MONTH: JULY
YEAR: 2022
LATITUDE: 30 2 N
LONGITUDE: 102 13 W
TEMPERATURE IN F: :PCPN: SNOW: WIND :SUNSHINE: SKY :PK WND
================================================================================
1 2 3 4 5 6A 6B 7 8 9 10 11 12 13 14 15 16 17 18
12Z AVG MX 2MIN
DY MAX MIN AVG DEP HDD CDD WTR SNW DPTH SPD SPD DIR MIN PSBL S-S WX SPD DR
================================================================================
1 101 76 89 5 0 24 0.00 0.0 0 8.4 24 150 M M 0 30 140
2 103 74 89 5 0 24 0.00 0.0 0 8.9 29 130 M M 0 40 130
3 94 73 84 0 0 19 0.00 0.0 0 13.9 26 130 M M 0 32 120
4 97 75 86 2 0 21 0.00 0.0 0 12.7 23 140 M M 0 29 140
5 100 78 89 5 0 24 0.00 0.0 0 11.0 21 120 M M 0 28 120
6 102 77 90 6 0 25 0.00 0.0 0 10.4 20 110 M M 0 25 100
7 103 76 90 6 0 25 0.00 0.0 0 9.6 21 120 M M 0 27 120
8 103 76 90 6 0 25 0.00 0.0 0 8.3 18 100 M M 0 25 90
9 105 77 91 7 0 26 0.00 0.0 0 7.9 21 40 M M 0 27 100
10 104 79 92 8 0 27 0.00 0.0 0 7.0 21 320 M M 0 28 320
11 107 73 90 6 0 25 0.00 0.0 0 5.9 23 320 M M 0 28 310
12 107 75 91 7 0 26 0.00 0.0 0 8.0 26 20 M M 0 32 100
13 103 78 91 7 0 26 0.00 0.0 0 9.4 21 100 M M 0 29 110
14 102 75 89 5 0 24 0.00 0.0 0 9.1 37 80 M M 0 48 90
15 98 70 84 0 0 19 0.00 0.0 0 9.6 20 90 M M 0 27 90
16 98 74 86 2 0 21 0.00 0.0 0 8.6 20 90 M M 0 25 90
17 101 74 88 3 0 23 0.00 0.0 0 10.9 22 90 M M 0 28 100
18 103 72 88 3 0 23 0.00 0.0 0 8.8 22 100 M M 0 27 100
19 105 73 89 4 0 24 0.00 0.0 0 8.4 20 100 M M 0 25 100
20 105 76 91 6 0 26 0.00 0.0 0 8.7 21 90 M M 0 27 90
21 101 79 90 5 0 25 0.00 0.0 0 12.4 22 120 M M 0 30 120
22 99 78 89 4 0 24 0.00 0.0 0 13.6 23 90 M M 0 31 100
23 99 77 88 3 0 23 0.00 0.0 0 15.0 23 110 M M 0 31 110
24 100 78 89 4 0 24 0.00 0.0 0 12.9 23 110 M M 0 32 110
25 100 78 89 4 0 24 0.00 0.0 0 14.6 26 120 M M 0 39 120
26 101 79 90 5 0 25 0.00 0.0 0 10.8 18 130 M M 0 25 120
27 101 78 90 5 0 25 0.00 0.0 0 12.1 23 120 M M 0 32 120
28 99 76 88 3 0 23 0.00 0.0 0 11.7 22 110 M M 0 30 130
29 99 78 89 4 0 24 0.00 0.0 0 13.4 23 110 M M 0 29 110
30 101 78 90 5 0 25 0.00 0.0 0 13.1 23 110 M M 0 30 100
31 101 75 88 3 0 23 0.00 0.0 0 10.6 20 110 M M 0 26 110
================================================================================
SM 3142 2355 0 742 0.00 0.0 325.7 M 0
================================================================================
AV101.4 76.0 10.5 FASTST M M 0 MAX(MPH)
MISC ----> 37 80 48 90
================================================================================
NOTES:
# LAST OF SEVERAL OCCURRENCES
COLUMN 17 PEAK WIND IN M.P.H.
PRELIMINARY LOCAL CLIMATOLOGICAL DATA (WS FORM: F-6) , PAGE 2
STATION: TERRELL COUNTY AIRPORT
MONTH: JULY
YEAR: 2022
LATITUDE: 30 2 N
LONGITUDE: 102 13 W
[TEMPERATURE DATA] [PRECIPITATION DATA] SYMBOLS USED IN COLUMN 16
AVERAGE MONTHLY: 88.7 TOTAL FOR MONTH: 0.00 1 = FOG OR MIST
DPTR FM NORMAL: 4.2 DPTR FM NORMAL: -1.00 2 = FOG REDUCING VISIBILITY
HIGHEST: 107 ON 12,11 GRTST 24HR 0.00 ON 1- 1 TO 1/4 MILE OR LESS
LOWEST: 70 ON 15 3 = THUNDER
SNOW, ICE PELLETS, HAIL 4 = ICE PELLETS
TOTAL MONTH: 0.0 INCH 5 = HAIL
GRTST 24HR 0.0 6 = FREEZING RAIN OR DRIZZLE
GRTST DEPTH: 0 7 = DUSTSTORM OR SANDSTORM:
VSBY 1/2 MILE OR LESS
8 = SMOKE OR HAZE
[NO. OF DAYS WITH] [WEATHER - DAYS WITH] 9 = BLOWING SNOW
X = TORNADO
MAX 32 OR BELOW: 0 0.01 INCH OR MORE: 0
MAX 90 OR ABOVE: 31 0.10 INCH OR MORE: 0
MIN 32 OR BELOW: 0 0.50 INCH OR MORE: 0
MIN 0 OR BELOW: 0 1.00 INCH OR MORE: 0
[HDD (BASE 65) ]
TOTAL THIS MO. 0 CLEAR (SCALE 0-3) 31
DPTR FM NORMAL 0 PTCLDY (SCALE 4-7) 0
TOTAL FM JUL 1 0 CLOUDY (SCALE 8-10) 0
DPTR FM NORMAL 0
[CDD (BASE 65) ]
TOTAL THIS MO. 742
DPTR FM NORMAL 139 [PRESSURE DATA]
TOTAL FM JAN 1 2286 HIGHEST SLP 30.05 ON 15
DPTR FM NORMAL 522 LOWEST SLP 29.69 ON 11
[REMARKS]
#FINAL-07-22#