723
CXUS55 KABR 011100
CF68D3
PRELIMINARY LOCAL CLIMATOLOGICAL DATA (WS FORM: F-6)
STATION: SISSETON SD
MONTH: MARCH
YEAR: 2021
LATITUDE: 45 40 N
LONGITUDE: 96 59 W
TEMPERATURE IN F: :PCPN: SNOW: WIND :SUNSHINE: SKY :PK WND
================================================================================
1 2 3 4 5 6A 6B 7 8 9 10 11 12 13 14 15 16 17 18
12Z AVG MX 2MIN
DY MAX MIN AVG DEP HDD CDD WTR SNW DPTH SPD SPD DIR MIN PSBL S-S WX SPD DR
================================================================================
1 35 6 21 -2 44 0 T T T 11.7 24 200 M M 0 31 200
2 63 33 48 24 17 0 0.00 0.0 0 19.0 40 220 M M 0 58 220
3 52 26 39 15 26 0 0.00 0.0 0 5.7 15 130 M M 0 20 130
4 55 28 42 17 23 0 0.00 0.0 0 9.8 20 130 M M 0 26 130
5 51 29 40 15 25 0 0.00 0.0 0 3.7 13 60 M M 0 18 80
6 53 24 39 13 26 0 0.00 0.0 0 14.0 28 140 M M 0 34 150
7 67 37 52 26 13 0 0.00 0.0 0 17.1 37 220 M M 0 53 230
8 60 27 44 18 21 0 0.00 0.0 0 9.4 20 130 M M 0 24 130
9 69 40 55 28 10 0 0.00 0.0 0 16.3 28 180 M M 0 36 180
10 40 29 35 8 30 0 0.40 4.7 0 20.6 30 330 M M 0 40 330
11 44 25 35 7 30 0 0.01 T 5 13.5 28 320 M M 0 34 310
12 42 18 30 2 35 0 0.00 0.0 T 8.6 17 150 M M 0 21 150
13 62 35 49 20 16 0 0.00 0.0 0 10.4 24 230 M M 0 33 230
14 48 31 40 11 25 0 0.00 0.0 0 9.2 23 70 M M 0 31 70
15 36 31 34 4 31 0 0.07 0.2 T 14.5 23 120 M M 0 36 120
16 36 31 34 4 31 0 0.01 T T 7.2 13 150 M M 0 17 150
17 45 32 39 9 26 0 0.00 0.0 0 6.0 17 20 M M 0 21 10
18 54 31 43 12 22 0 0.00 0.0 0 5.6 12 320 M M 0 13 320
19 56 30 43 12 22 0 0.00 0.0 0 15.0 30 160 M M 0 38 170
20 65 42 54 22 11 0 0.00 0.0 0 24.2 39 180 M M 0 52 190
21 60 40 50 18 15 0 0.00 0.0 0 14.7 31 190 M M 0 42 180
22 58 28 43 10 22 0 0.00 0.0 0 7.5 18 270 M M 0 24 280
23 51 32 42 9 23 0 0.33 0.0 0 11.2 32 20 M M 0 41 20
24 55 28 42 8 23 0 0.01 0.0 0 17.7 32 320 M M 0 41 310
25 59 26 43 9 22 0 0.00 0.0 0 9.6 23 160 M M 0 32 120
26 48 32 40 6 25 0 T 0.0 0 10.2 20 140 M M 0 24 140
27 53 28 41 6 24 0 0.02 0.0 0 13.9 28 340 M M 0 36 350
28 58 25 42 6 23 0 0.00 0.0 0 9.3 21 170 M M 0 27 170
29 81 30 56 20 9 0 0.00 0.0 0 22.9 53 280 M M 0 72 290
30 37 25 31 -5 34 0 0.00 0.0 0 26.5 40 300 M M 0 56 310
31 35 15 25 -12 40 0 0.00 0.0 0 11.8 22 320 M M 0 28 340
================================================================================
SM 1628 894 744 0 0.85 4.9 396.8 M 0
================================================================================
AV 52.5 28.8 12.8 FASTST M M 0 MAX(MPH)
MISC ----> 53 280 72 290
================================================================================
NOTES:
# LAST OF SEVERAL OCCURRENCES
COLUMN 17 PEAK WIND IN M.P.H.
PRELIMINARY LOCAL CLIMATOLOGICAL DATA (WS FORM: F-6) , PAGE 2
STATION: SISSETON SD
MONTH: MARCH
YEAR: 2021
LATITUDE: 45 40 N
LONGITUDE: 96 59 W
[TEMPERATURE DATA] [PRECIPITATION DATA] SYMBOLS USED IN COLUMN 16
AVERAGE MONTHLY: 40.7 TOTAL FOR MONTH: 0.85 1 = FOG OR MIST
DPTR FM NORMAL: 10.7 DPTR FM NORMAL: -0.27 2 = FOG REDUCING VISIBILITY
HIGHEST: 81 ON 29 GRTST 24HR 0.41 ON 10-11 TO 1/4 MILE OR LESS
LOWEST: 6 ON 1 3 = THUNDER
SNOW, ICE PELLETS, HAIL 4 = ICE PELLETS
TOTAL MONTH: 5.0 INCHES 5 = HAIL
GRTST 24HR 4.7 ON 10-10 6 = FREEZING RAIN OR DRIZZLE
GRTST DEPTH: 5 ON 11 7 = DUSTSTORM OR SANDSTORM:
VSBY 1/2 MILE OR LESS
8 = SMOKE OR HAZE
[NO. OF DAYS WITH] [WEATHER - DAYS WITH] 9 = BLOWING SNOW
X = TORNADO
MAX 32 OR BELOW: 0 0.01 INCH OR MORE: 7
MAX 90 OR ABOVE: 0 0.10 INCH OR MORE: 2
MIN 32 OR BELOW: 25 0.50 INCH OR MORE: 0
MIN 0 OR BELOW: 0 1.00 INCH OR MORE: 0
[HDD (BASE 65) ]
TOTAL THIS MO. 744 CLEAR (SCALE 0-3) 31
DPTR FM NORMAL -339 PTCLDY (SCALE 4-7) 0
TOTAL FM JUL 1 6416 CLOUDY (SCALE 8-10) 0
DPTR FM NORMAL -927
[CDD (BASE 65) ]
TOTAL THIS MO. 0
DPTR FM NORMAL 0 [PRESSURE DATA]
TOTAL FM JAN 1 0 HIGHEST SLP 30.57 ON 31
DPTR FM NORMAL 0 LOWEST SLP 29.07 ON 29
[REMARKS]
#FINAL-03-21#