000
CXUS56 KMFR 011030
CF6AAT
PRELIMINARY LOCAL CLIMATOLOGICAL DATA (WS FORM: F-6)
STATION: ALTURAS CA
MONTH: DECEMBER
YEAR: 2021
LATITUDE: 41 29 N
LONGITUDE: 120 34 W
TEMPERATURE IN F: :PCPN: SNOW: WIND :SUNSHINE: SKY :PK WND
================================================================================
1 2 3 4 5 6A 6B 7 8 9 10 11 12 13 14 15 16 17 18
12Z AVG MX 2MIN
DY MAX MIN AVG DEP HDD CDD WTR SNW DPTH SPD SPD DIR MIN PSBL S-S WX SPD DR
================================================================================
1 66 21 44 11 21 0 0.00 M M 1.2 6 40 M M 0 18 9 120
2 63 20 42 10 23 0 0.00 M M 0.8 5 280 M M 0 8 M M
3 60 18 39 7 26 0 0.00 M M 1.2 8 80 M M 0 18 10 80
4 60 16 38 6 27 0 0.00 M M 0.8 7 20 M M 0 18 9 10
5 56 15 36 4 29 0 0.00 M M 1.9 14 300 M M 0 18 17 310
6 42 22 32 0 33 0 T M M 1.2 6 230 M M 9 8 8 70
7 53 22 38 7 27 0 0.00 M M 1.9 8 120 M M 3 18 9 120
8 44 20 32 1 33 0 T M M 4.3 13 260 M M 7 1 M M
9 36 26 31 0 34 0 0.00 M M 5.9 18 320 M M 5 1 25 300
10 37 19 28 -3 37 0 0.00 M M 2.1 8 220 M M 4 18 11 200
11 38 19 29 -1 36 0 0.00 M M 8.3 23 180 M M 7 31 180
12 45 31 38 8 27 0 0.00 M M 9.9 26 220 M M 7 18 36 210
13 42 28 35 5 30 0 0.41 M M 11.6 29 190 M M 8 1 46 200
14 30 1 16 -14 49 0 0.15 M M 3.8 10 280 M M 7 18 15 270
15 30 9 20 -10 45 0 0.05 M M 10.1 22 170 M M 10 18 31 170
16 34 21 28 -2 37 0 0.06 M M 2.5 13 280 M M 9 1 16 280
17 27 2 15 -15 50 0 0.00 M M 3.0 8 190 M M 5 128 10 180
18 27 4 16 -14 49 0 0.00 M M 1.2 6 130 M M 2 18 6 130
19 41 14 28 -2 37 0 0.01 M M 7.5 17 170 M M 7 18 24 180
20 43 23 33 3 32 0 0.00 M M 6.4 15 170 M M 2 8 21 190
21 41 16 29 -1 36 0 T M M 3.5 16 220 M M 3 8 22 210
22 43 33 38 8 27 0 0.02 M M 5.7 14 180 M M 7 1 19 220
23 41 33 37 7 28 0 0.16 M M 7.8 17 240 M M 9 1 23 250
24 35 23 29 -1 36 0 0.25 M M 9.3 31 230 M M 8 128 43 240
25 34 22 28 -2 37 0 0.42 M M 8.0 24 250 M M 9 12 34 230
26 29 20 25 -5 40 0 0.05 M M 15.0 31 230 M M 10 18 44 230
27 30 13 22 -8 43 0 0.04 M M 8.4 25 240 M M 8 128 38 260
28 25 17 21 -9 44 0 0.08 M M 2.6 8 260 M M 10 18 12 170
29 30 7 19 -11 46 0 0.05 M M 2.6 9 260 M M 9 18 11 240
30 33 7 20 -10 45 0 T M M 3.8 21 260 M M 9 128 29 250
31 30 -2 14 -16 51 0 0.04 M M 8.3 22 310 M M 5 18 29 310
================================================================================
SM 1245 540 1115 0 1.79 M 160.6 M 179
================================================================================
AV 40.2 17.4 5.2 FASTST M M 6 MAX(MPH)
MISC ----> # 31 230 46 200
================================================================================
NOTES:
# LAST OF SEVERAL OCCURRENCES
COLUMN 17 PEAK WIND IN M.P.H.
PRELIMINARY LOCAL CLIMATOLOGICAL DATA (WS FORM: F-6) , PAGE 2
STATION: ALTURAS CA
MONTH: DECEMBER
YEAR: 2021
LATITUDE: 41 29 N
LONGITUDE: 120 34 W
[TEMPERATURE DATA] [PRECIPITATION DATA] SYMBOLS USED IN COLUMN 16
AVERAGE MONTHLY: 28.8 TOTAL FOR MONTH: 1.79 1 = FOG OR MIST
DPTR FM NORMAL: -1.7 DPTR FM NORMAL: 0.32 2 = FOG REDUCING VISIBILITY
HIGHEST: 66 ON 1 GRTST 24HR 0.54 ON 13-14 TO 1/4 MILE OR LESS
LOWEST: -2 ON 31 3 = THUNDER
SNOW, ICE PELLETS, HAIL 4 = ICE PELLETS
TOTAL MONTH: M 5 = HAIL
GRTST 24HR M ON M 6 = FREEZING RAIN OR DRIZZLE
GRTST DEPTH: M ON M 7 = DUSTSTORM OR SANDSTORM:
VSBY 1/2 MILE OR LESS
8 = SMOKE OR HAZE
[NO. OF DAYS WITH] [WEATHER - DAYS WITH] 9 = BLOWING SNOW
X = TORNADO
MAX 32 OR BELOW: 9 0.01 INCH OR MORE: 14
MAX 90 OR ABOVE: 0 0.10 INCH OR MORE: 5
MIN 32 OR BELOW: 29 0.50 INCH OR MORE: 0
MIN 0 OR BELOW: 1 1.00 INCH OR MORE: 0
[HDD (BASE 65) ]
TOTAL THIS MO. 1115 CLEAR (SCALE 0-3) 8
DPTR FM NORMAL 46 PTCLDY (SCALE 4-7) 13
TOTAL FM JUL 1 2706 CLOUDY (SCALE 8-10) 10
DPTR FM NORMAL -8
[CDD (BASE 65) ]
TOTAL THIS MO. 0
DPTR FM NORMAL 0 [PRESSURE DATA]
TOTAL FM JAN 1 478 HIGHEST SLP 30.49 ON 18
DPTR FM NORMAL 243 LOWEST SLP 29.42 ON 13
[REMARKS]
#FINAL-12-21#