000
CXUS56 KMFR 010930
CF6AAT
PRELIMINARY LOCAL CLIMATOLOGICAL DATA (WS FORM: F-6)
STATION: ALTURAS CA
MONTH: OCTOBER
YEAR: 2021
LATITUDE: 41 29 N
LONGITUDE: 120 34 W
TEMPERATURE IN F: :PCPN: SNOW: WIND :SUNSHINE: SKY :PK WND
================================================================================
1 2 3 4 5 6A 6B 7 8 9 10 11 12 13 14 15 16 17 18
12Z AVG MX 2MIN
DY MAX MIN AVG DEP HDD CDD WTR SNW DPTH SPD SPD DIR MIN PSBL S-S WX SPD DR
================================================================================
1 76 32 54 1 11 0 0.00 M M 2.0 8 300 M M 0 11 80
2 79 29 54 1 11 0 0.00 M M 1.2 10 290 M M 0 13 360
3 81 30 56 4 9 0 0.00 M M 2.1 10 290 M M 0 15 290
4 79 34 57 5 8 0 0.00 M M 3.4 21 270 M M 0 27 280
5 73 31 52 0 13 0 0.00 M M 5.8 22 290 M M 0 29 280
6 64 32 48 -3 17 0 0.04 M M 3.4 14 170 M M 4 1 18 170
7 61 40 51 0 14 0 0.01 M M 3.5 28 240 M M 6 36 240
8 59 39 49 -1 16 0 0.00 M M 8.2 17 260 M M 4 23 280
9 61 31 46 -4 19 0 0.00 M M 2.3 9 180 M M 4 13 270
10 66 23 45 -5 20 0 0.01 M M 6.1 28 310 M M 3 8 32 320
11 47 32 40 -9 25 0 T M M 13.1 22 20 M M 6 1 36 30
12 53 23 38 -11 27 0 0.00 M M 6.0 17 360 M M 1 8 24 340
13 52 28 40 -8 25 0 T M M 5.9 20 320 M M 6 26 330
14 57 16 37 -11 28 0 0.00 M M 0.9 7 30 M M 0 18 10 30
15 72 19 46 -2 19 0 0.00 M M 1.4 10 280 M M 0 8 14 290
16 77 23 50 3 15 0 0.00 M M 4.3 17 180 M M 0 8 22 170
17 66 29 48 1 17 0 0.08 M M 12.2 37 200 M M 3 51 190
18 44 30 37 -10 28 0 0.08 M M 4.8 13 250 M M 9 1 15 240
19 58 22 40 -6 25 0 0.00 M M 5.8 20 180 M M 3 12 27 170
20 54 39 47 1 18 0 T M M 11.0 33 190 M M 7 49 170
21 67 42 55 9 10 0 0.00 M M 13.1 30 180 M M 5 40 180
22 58 38 48 3 17 0 0.60 M M 8.0 26 270 M M 8 1 38 270
23 45 38 42 -3 23 0 0.24 M M 5.2 16 170 M M 10 1 22 170
24 48 40 44 -1 21 0 0.50 M M 17.2 33 180 M M 10 1 47 180
25 46 32 39 -5 26 0 0.29 M M 6.2 18 260 M M 8 1 26 280
26 45 36 41 -3 24 0 0.02 M M 5.6 17 250 M M 10 1 23 260
27 56 42 49 5 16 0 T M M 3.5 13 270 M M 9 1 16 260
28 69 32 51 8 14 0 0.00 M M 2.5 14 170 M M 2 128 22 180
29 65 33 49 6 16 0 0.00 M M 1.5 8 290 M M 0 18 11 280
30 64 33 49 6 16 0 0.00 M M 4.3 23 170 M M 6 12 32 170
31 59 30 45 3 20 0 0.00 M M 3.1 14 270 M M 3 128 19 280
================================================================================
SM 1901 978 568 0 1.87 M 173.6 M 127
================================================================================
AV 61.3 31.5 5.6 FASTST M M 4 MAX(MPH)
MISC ----> 37 200 51 190
================================================================================
NOTES:
# LAST OF SEVERAL OCCURRENCES
COLUMN 17 PEAK WIND IN M.P.H.
PRELIMINARY LOCAL CLIMATOLOGICAL DATA (WS FORM: F-6) , PAGE 2
STATION: ALTURAS CA
MONTH: OCTOBER
YEAR: 2021
LATITUDE: 41 29 N
LONGITUDE: 120 34 W
[TEMPERATURE DATA] [PRECIPITATION DATA] SYMBOLS USED IN COLUMN 16
AVERAGE MONTHLY: 46.4 TOTAL FOR MONTH: 1.87 1 = FOG OR MIST
DPTR FM NORMAL: -1.1 DPTR FM NORMAL: 0.98 2 = FOG REDUCING VISIBILITY
HIGHEST: 81 ON 3 GRTST 24HR 0.74 ON 24-25 TO 1/4 MILE OR LESS
LOWEST: 16 ON 14 3 = THUNDER
SNOW, ICE PELLETS, HAIL 4 = ICE PELLETS
TOTAL MONTH: M 5 = HAIL
GRTST 24HR M ON M 6 = FREEZING RAIN OR DRIZZLE
GRTST DEPTH: M ON M 7 = DUSTSTORM OR SANDSTORM:
VSBY 1/2 MILE OR LESS
8 = SMOKE OR HAZE
[NO. OF DAYS WITH] [WEATHER - DAYS WITH] 9 = BLOWING SNOW
X = TORNADO
MAX 32 OR BELOW: 0 0.01 INCH OR MORE: 10
MAX 90 OR ABOVE: 0 0.10 INCH OR MORE: 4
MIN 32 OR BELOW: 19 0.50 INCH OR MORE: 2
MIN 0 OR BELOW: 0 1.00 INCH OR MORE: 0
[HDD (BASE 65) ]
TOTAL THIS MO. 568 CLEAR (SCALE 0-3) 13
DPTR FM NORMAL 26 PTCLDY (SCALE 4-7) 13
TOTAL FM JUL 1 839 CLOUDY (SCALE 8-10) 5
DPTR FM NORMAL 11
[CDD (BASE 65) ]
TOTAL THIS MO. 0
DPTR FM NORMAL 0 [PRESSURE DATA]
TOTAL FM JAN 1 478 HIGHEST SLP M ON M
DPTR FM NORMAL 243 LOWEST SLP 29.39 ON 24
[REMARKS]
#FINAL-10-21#