000
CXUS51 KPHI 010915
CF6ABE
PRELIMINARY LOCAL CLIMATOLOGICAL DATA (WS FORM: F-6)
STATION: ALLENTOWN PA
MONTH: NOVEMBER
YEAR: 2023
LATITUDE: 40 39 N
LONGITUDE: 75 26 W
TEMPERATURE IN F: :PCPN: SNOW: WIND :SUNSHINE: SKY :PK WND
================================================================================
1 2 3 4 5 6A 6B 7 8 9 10 11 12 13 14 15 16 17 18
12Z AVG MX 2MIN
DY MAX MIN AVG DEP HDD CDD WTR SNW DPTH SPD SPD DIR MIN PSBL S-S WX SPD DR
================================================================================
1 48 31 40 -9 25 0 0.00 0.0 0 7.6 22 330 M M 4 29 320
2 48 25 37 -12 28 0 0.00 0.0 0 4.4 13 240 M M 0 16 250
3 57 25 41 -7 24 0 0.00 0.0 0 3.5 15 220 M M 0 21 160
4 58 31 45 -3 20 0 T 0.0 0 1.2 6 350 M M 2 9 180
5 65 38 52 4 13 0 T 0.0 0 4.6 15 350 M M 3 1 19 340
6 58 34 46 -1 19 0 0.00 0.0 0 3.8 12 190 M M 1 17 170
7 68 47 58 11 7 0 0.03 0.0 0 5.9 15 340 M M 3 1 22 340
8 52 35 44 -2 21 0 0.00 0.0 0 6.5 17 340 M M 1 21 330
9 59 38 49 3 16 0 0.00 0.0 0 5.6 10 290 M M 6 16 290
10 51 37 44 -2 21 0 0.00 0.0 0 6.8 15 220 M M 5 20 230
11 56 31 44 -2 21 0 0.00 0.0 0 6.2 15 350 M M 5 1 18 350
12 45 26 36 -9 29 0 0.00 0.0 0 4.2 12 320 M M 2 16 320
13 49 21 35 -10 30 0 0.00 0.0 0 2.5 14 240 M M 2 17 240
14 52 26 39 -5 26 0 0.00 0.0 0 6.9 22 350 M M 1 28 350
15 54 24 39 -5 26 0 0.00 0.0 0 3.7 13 210 M M 0 18 170
16 65 29 47 3 18 0 0.00 0.0 0 3.2 12 230 M M 0 1 15 210
17 66 31 49 6 16 0 T 0.0 0 4.5 18 210 M M 3 25 210
18 55 28 42 -1 23 0 T 0.0 0 10.1 24 330 M M 4 32 330
19 54 28 41 -2 24 0 0.00 0.0 0 7.4 17 310 M M 0 23 310
20 47 26 37 -5 28 0 0.00 0.0 0 4.6 15 10 M M 0 19 10
21 47 25 36 -6 29 0 1.23 0.0 0 11.4 21 100 M M 6 1 31 110
22 54 44 49 7 16 0 0.57 0.0 0 6.4 24 80 M M 10 1 30 80
23 50 39 45 4 20 0 0.00 0.0 0 9.6 21 330 M M 5 31 330
24 50 26 38 -3 27 0 0.00 0.0 0 8.5 18 350 M M 5 23 360
25 40 23 32 -9 33 0 0.00 0.0 0 2.4 9 330 M M 0 12 320
26 43 23 33 -7 32 0 1.09 0.0 0 5.0 13 250 M M 5 1 16 260
27 47 33 40 0 25 0 0.00 0.0 0 10.6 22 300 M M 4 1 30 290
28 36 25 31 -9 34 0 0.00 0.0 0 11.8 24 290 M M 4 34 260
29 34 19 27 -13 38 0 0.00 0.0 0 8.7 16 240 M M 5 21 260
30 50 21 36 -3 29 0 0.00 0.0 0 4.5 17 220 M M 1 22 220
================================================================================
SM 1558 889 718 0 2.92 0.0 182.1 M 87
================================================================================
AV 51.9 29.6 6.1 FASTST M M 3 MAX(MPH)
MISC ----> # 24 330 34 260
================================================================================
NOTES:
# LAST OF SEVERAL OCCURRENCES
COLUMN 17 PEAK WIND IN M.P.H.
PRELIMINARY LOCAL CLIMATOLOGICAL DATA (WS FORM: F-6) , PAGE 2
STATION: ALLENTOWN PA
MONTH: NOVEMBER
YEAR: 2023
LATITUDE: 40 39 N
LONGITUDE: 75 26 W
[TEMPERATURE DATA] [PRECIPITATION DATA] SYMBOLS USED IN COLUMN 16
AVERAGE MONTHLY: 40.8 TOTAL FOR MONTH: 2.92 1 = FOG OR MIST
DPTR FM NORMAL: -3.1 DPTR FM NORMAL: -0.32 2 = FOG REDUCING VISIBILITY
HIGHEST: 68 ON 7 GRTST 24HR 1.80 ON 21-22 TO 1/4 MILE OR LESS
LOWEST: 19 ON 29 3 = THUNDER
SNOW, ICE PELLETS, HAIL 4 = ICE PELLETS
TOTAL MONTH: 0.0 INCH 5 = HAIL
GRTST 24HR 0.0 6 = FREEZING RAIN OR DRIZZLE
GRTST DEPTH: 0 7 = DUSTSTORM OR SANDSTORM:
VSBY 1/2 MILE OR LESS
8 = SMOKE OR HAZE
[NO. OF DAYS WITH] [WEATHER - DAYS WITH] 9 = BLOWING SNOW
X = TORNADO
MAX 32 OR BELOW: 0 0.01 INCH OR MORE: 4
MAX 90 OR ABOVE: 0 0.10 INCH OR MORE: 3
MIN 32 OR BELOW: 21 0.50 INCH OR MORE: 3
MIN 0 OR BELOW: 0 1.00 INCH OR MORE: 2
[HDD (BASE 65) ]
TOTAL THIS MO. 718 CLEAR (SCALE 0-3) 16
DPTR FM NORMAL 86 PTCLDY (SCALE 4-7) 13
TOTAL FM JUL 1 1087 CLOUDY (SCALE 8-10) 1
DPTR FM NORMAL 47
[CDD (BASE 65) ]
TOTAL THIS MO. 0
DPTR FM NORMAL 0 [PRESSURE DATA]
TOTAL FM JAN 1 790 HIGHEST SLP 30.53 ON 12
DPTR FM NORMAL -191 LOWEST SLP 29.66 ON 22
[REMARKS]
#FINAL-11-23#