000
CXUS54 KSJT 011636
CLMABI
CLIMATE REPORT
NATIONAL WEATHER SERVICE SAN ANGELO TX
1036 AM CST THU FEB 01 2024
...................................
...THE ABILENE CLIMATE SUMMARY FOR THE MONTH OF JANUARY 2024...
CLIMATE NORMAL PERIOD: 1991 TO 2020
CLIMATE RECORD PERIOD: 1886 TO 2024
WEATHER OBSERVED NORMAL DEPART LAST YEAR`S
VALUE DATE(S) VALUE FROM VALUE DATE(S)
NORMAL
................................................................
TEMPERATURE (F)
RECORD
HIGH 90 01/31/1911
LOW -9 01/04/1947
HIGHEST 74 01/11 MM MM 84 01/10
LOWEST 8 01/15 MM MM 20 01/30
01/31
AVG. MAXIMUM 53.6 58.8 -5.2 62.9
AVG. MINIMUM 31.7 33.7 -2.0 38.9
MEAN 42.7 46.3 -3.6 50.9
DAYS MAX >= 90 0 0.0 0.0 0
DAYS MAX <= 32 3 1.0 2.0 2
DAYS MIN <= 32 13 15.3 -2.3 10
DAYS MIN <= 0 0 0.0 0.0 0
PRECIPITATION (INCHES)
RECORD
MAXIMUM 4.35 1968
MINIMUM T 2018
TOTALS 2.29 1.10 1.19 0.73
DAILY AVG. 0.07 0.04 0.03 0.02
DAYS >= .01 7 4.6 2.4 1
DAYS >= .10 4 2.1 1.9 1
DAYS >= .50 3 0.6 2.4 1
DAYS >= 1.00 0 0.3 -0.3 0
GREATEST
24 HR. TOTAL 0.84 01/26 TO 01/27
SNOWFALL (INCHES)
RECORDS
TOTAL T 2023
TOTALS TR 0.7 -0.7 T
SINCE 7/1 T 2.3 -2.3 MM
SNOWDEPTH AVG. 0 0
DAYS >= 1.0 0 0.2 -0.2 0
GREATEST
SNOW DEPTH 0 0 MM
24 HR TOTAL MM
DEGREE DAYS
HEATING TOTAL 684 583 101 433
SINCE 7/1 1454 1535 -81 MM
COOLING TOTAL 0 2 -2 3
SINCE 1/1 0 2 -2 MM
................................................................
WIND (MPH)
AVERAGE WIND SPEED 10.0
HIGHEST WIND SPEED/DIRECTION 47/310 DATE 01/08
HIGHEST GUST SPEED/DIRECTION 66/300 DATE 01/08
SKY COVER
AVERAGE SKY COVER 0.35
AVERAGE RH (PERCENT) 62
WEATHER CONDITIONS. NUMBER OF DAYS WITH
THUNDERSTORM 2 MIXED PRECIP 0
HEAVY RAIN 2 RAIN 4
LIGHT RAIN 9 FREEZING RAIN 0
LT FREEZING RAIN 0 HAIL 1
HEAVY SNOW 0 SNOW 0
LIGHT SNOW 1 SLEET 0
FOG 12 FOG W/VIS <= 1/4 MILE 4
HAZE 3
- INDICATES NEGATIVE NUMBERS.
R INDICATES RECORD WAS SET OR TIED.
MM INDICATES DATA IS MISSING.
T INDICATES TRACE AMOUNT.
$$