000
CXUS55 KABQ 021621
CLMABQ
CLIMATE REPORT
NATIONAL WEATHER SERVICE ALBUQUERQUE NM
1021 AM MDT TUE MAY 02 2023
...................................
...THE ALBUQUERQUE NM CLIMATE SUMMARY FOR THE MONTH OF APRIL 2023...
CLIMATE NORMAL PERIOD 1991 TO 2020
CLIMATE RECORD PERIOD 1891 TO 2023
WEATHER OBSERVED NORMAL DEPART LAST YEAR`S
VALUE DATE(S) VALUE FROM VALUE DATE(S)
NORMAL
................................................................
TEMPERATURE (F)
RECORD
HIGH 89 04/21/1989
04/22/1965
LOW 18 04/02/1936
HIGHEST 87 04/30 84 3 87 04/16
LOWEST 21 04/05 27 -6 33 04/13
04/14
AVG. MAXIMUM 71.1 70.3 0.8 74.4
AVG. MINIMUM 42.0 43.2 -1.2 44.9
MEAN 56.6 56.8 -0.2 59.7
DAYS MAX >= 90 0 0.0 0.0 0
DAYS MAX <= 32 0 0.0 0.0 0
DAYS MIN <= 32 3 1.6 1.4 0
DAYS MIN <= 0 0 0.0 0.0 0
PRECIPITATION (INCHES)
RECORD
MAXIMUM 3.00 2004
MINIMUM T 2022
TOTALS TR 0.51 -0.51 T
DAILY AVG. T 0.02 -0.02 T
DAYS >= .01 0 2.8 -2.8 0
DAYS >= .10 0 1.5 -1.5 0
DAYS >= .50 0 0.2 -0.2 0
DAYS >= 1.00 0 0.0 0.0 0
GREATEST
24 HR. TOTAL T 04/24 TO 04/24 T
04/25 TO 04/25
04/28 TO 04/28
SNOWFALL (INCHES)
RECORDS
TOTAL 8.1 1973
TOTALS 0.0 0.3 -0.3 0.0
SINCE 7/1 3.2 7.9 -4.7 MM
SNOWDEPTH AVG. 0 0
DAYS >= 1.0 0 0.1 -0.1 0
GREATEST
SNOW DEPTH 0 0 MM
24 HR TOTAL MM 0.0
DEGREE DAYS
HEATING TOTAL 251 255 -4 168
SINCE 7/1 4119 3926 193 MM
COOLING TOTAL 3 7 -4 14
SINCE 1/1 3 7 -4 MM
................................................................
WIND (MPH)
AVERAGE WIND SPEED 10.2
HIGHEST WIND SPEED/DIRECTION 43/270 DATE 04/19
HIGHEST GUST SPEED/DIRECTION 66/250 DATE 04/25
SKY COVER
POSSIBLE SUNSHINE (PERCENT) MM
AVERAGE SKY COVER 0.33
NUMBER OF DAYS FAIR 17
NUMBER OF DAYS PC 12
NUMBER OF DAYS CLOUDY 1
AVERAGE RH (PERCENT) 27
WEATHER CONDITIONS. NUMBER OF DAYS WITH
THUNDERSTORM 1 MIXED PRECIP 0
HEAVY RAIN 0 RAIN 0
LIGHT RAIN 2 FREEZING RAIN 0
LT FREEZING RAIN 0 HAIL 0
HEAVY SNOW 0 SNOW 0
LIGHT SNOW 0 SLEET 0
FOG 0 FOG W/VIS <= 1/4 MILE 0
HAZE 1
- INDICATES NEGATIVE NUMBERS.
R INDICATES RECORD WAS SET OR TIED.
MM INDICATES DATA IS MISSING.
T INDICATES TRACE AMOUNT.
$$