000
CXUS53 KABR 012159
CF6ABR
PRELIMINARY LOCAL CLIMATOLOGICAL DATA (WS FORM: F-6)
STATION: ABERDEEN SD
MONTH: MARCH
YEAR: 2023
LATITUDE: 45 27 N
LONGITUDE: 98 26 W
TEMPERATURE IN F: :PCPN: SNOW: WIND :SUNSHINE: SKY :PK WND
================================================================================
1 2 3 4 5 6A 6B 7 8 9 10 11 12 13 14 15 16 17 18
12Z AVG MX 2MIN
DY MAX MIN AVG DEP HDD CDD WTR SNW DPTH SPD SPD DIR MIN PSBL S-S WX SPD DR
================================================================================
1 30 -1 15 -8 50 0 0.22 3.0 10 18.6 36 360 M M 6 12 50 360
2 22 -6 8 -16 57 0 T T 11 9.6 20 180 M M 4 12 26 170
3 41 6 24 0 41 0 0.00 0.0 11 8.2 26 320 M M 2 18 34 310
4 35 16 26 1 39 0 0.00 0.0 9 8.0 13 310 M M 1 16 320
5 35 22 29 4 36 0 0.29 3.6 8 13.3 24 30 M M 8 12 31 30
6 27 1 14 -12 51 0 0.10 2.0 13 19.6 26 10 M M 3 18 36 10
7 14 1 8 -18 57 0 0.07 0.8 12 13.8 20 30 M M 8 1 27 20
8 23 14 19 -8 46 0 T T 13 11.3 16 10 M M 10 1 21 20
9 30 18 24 -3 41 0 0.25 2.8 13 12.8 20 30 M M 10 1 24 30
10 31 21 26 -2 39 0 T T 14 11.9 24 120 M M 10 1 35 120
11 35 23 29 1 36 0 0.22 2.9 16 18.5 29 170 M M 8 1 37 150
12 24 16 20 -9 45 0 T T 16 22.2 32 340 M M 9 1 40 340
13 21 2 12 -17 53 0 0.00 0.0 16 6.5 16 340 M M 3 1 20 340
14 35 4 20 -10 45 0 0.00 0.0 16 18.3 33 170 M M 0 128 44 180
15 37 16 27 -3 38 0 T 0.0 15 11.7 28 350 M M 5 126 35 350
16 30 17 24 -7 41 0 T T 14 22.7 36 360 M M 4 16 49 340
17 18 5 12 -19 53 0 T T 14 18.0 32 330 M M 4 18 39 330
18 19 -4 8 -24 57 0 0.00 0.0 14 13.5 22 330 M M 0 28 330
19 38 -6 16 -16 49 0 0.00 0.0 14 12.8 21 190 M M 0 26 190
20 23 6 15 -18 50 0 0.00 0.0 14 11.4 16 30 M M 0 20 40
21 29 10 20 -13 45 0 0.42 3.7 14 11.2 20 250 M M 7 126 23 250
22 29 3 16 -18 49 0 0.00 0.0 17 10.4 21 290 M M 6 26 280
23 26 -5 11 -23 54 0 T T 17 3.5 9 160 M M 3 128 11 220
24 37 2 20 -14 45 0 0.00 0.0 16 3.9 14 170 M M 10 12 16 160
25 32 15 24 -11 41 0 0.00 0.0 15 11.5 18 350 M M 9 128 22 10
26 30 0 15 -21 50 0 0.00 0.0 14 5.2 14 360 M M 0 1 16 360
27 24 -1 12 -24 53 0 0.00 0.0 14 6.3 17 10 M M 3 18 23 360
28 28 -3 13 -23 52 0 T T 14 13.3 23 330 M M 3 128 30 320
29 20 -14 3 -34 62 0 0.00 0.0 14 5.2 12 210 M M 0 8 14 210
30 32 8 20 -17 45 0 0.00 0.0 14 11.3 22 60 M M 7 18 28 50
31 30 21 26 -12 39 0 0.74 7.5 13 24.4 39 360 M M 9 123689 53 350
================================================================================
SM 885 207 1459 0 2.31 26.3 388.9 M 152
================================================================================
AV 28.5 6.7 12.5 FASTST M M 5 MAX(MPH)
MISC ----> 39 360 53 350
================================================================================
NOTES:
# LAST OF SEVERAL OCCURRENCES
COLUMN 17 PEAK WIND IN M.P.H.
PRELIMINARY LOCAL CLIMATOLOGICAL DATA (WS FORM: F-6) , PAGE 2
STATION: ABERDEEN SD
MONTH: MARCH
YEAR: 2023
LATITUDE: 45 27 N
LONGITUDE: 98 26 W
[TEMPERATURE DATA] [PRECIPITATION DATA] SYMBOLS USED IN COLUMN 16
AVERAGE MONTHLY: 17.6 TOTAL FOR MONTH: 2.31 1 = FOG OR MIST
DPTR FM NORMAL: -12.9 DPTR FM NORMAL: 1.42 2 = FOG REDUCING VISIBILITY
HIGHEST: 41 ON 3 GRTST 24HR 0.74 ON 31-31 TO 1/4 MILE OR LESS
LOWEST: -14 ON 29 3 = THUNDER
SNOW, ICE PELLETS, HAIL 4 = ICE PELLETS
TOTAL MONTH: 28.0 INCHES 5 = HAIL
GRTST 24HR 7.5 ON 31-31 6 = FREEZING RAIN OR DRIZZLE
GRTST DEPTH: 17 ON 23,22 7 = DUSTSTORM OR SANDSTORM:
VSBY 1/2 MILE OR LESS
8 = SMOKE OR HAZE
[NO. OF DAYS WITH] [WEATHER - DAYS WITH] 9 = BLOWING SNOW
X = TORNADO
MAX 32 OR BELOW: 23 0.01 INCH OR MORE: 8
MAX 90 OR ABOVE: 0 0.10 INCH OR MORE: 7
MIN 32 OR BELOW: 31 0.50 INCH OR MORE: 1
MIN 0 OR BELOW: 9 1.00 INCH OR MORE: 0
[HDD (BASE 65) ]
TOTAL THIS MO. 1459 CLEAR (SCALE 0-3) 13
DPTR FM NORMAL 391 PTCLDY (SCALE 4-7) 10
TOTAL FM JUL 1 7823 CLOUDY (SCALE 8-10) 8
DPTR FM NORMAL 540
[CDD (BASE 65) ]
TOTAL THIS MO. 0
DPTR FM NORMAL 0 [PRESSURE DATA]
TOTAL FM JAN 1 0 HIGHEST SLP 30.62 ON 7
DPTR FM NORMAL 0 LOWEST SLP 29.51 ON 1
[REMARKS]
#FINAL-03-23#