000
CXUS54 KFWD 010730
CF6ACT
PRELIMINARY LOCAL CLIMATOLOGICAL DATA (WS FORM: F-6)
STATION: WACO
MONTH: MARCH
YEAR: 2024
LATITUDE: 31 37 N
LONGITUDE: 97 13 W
TEMPERATURE IN F: :PCPN: SNOW: WIND :SUNSHINE: SKY :PK WND
================================================================================
1 2 3 4 5 6A 6B 7 8 9 10 11 12 13 14 15 16 17 18
12Z AVG MX 2MIN
DY MAX MIN AVG DEP HDD CDD WTR SNW DPTH SPD SPD DIR MIN PSBL S-S WX SPD DR
================================================================================
1 68 43 56 1 9 0 0.00 0.0 0 6.9 17 150 M M 5 23 160
2 83 44 64 9 1 0 0.00 0.0 0 10.9 20 160 M M 0 1 27 150
3 81 61 71 16 0 6 0.00 0.0 0 15.4 23 180 M M 4 32 190
4 84 65 75 19 0 10 0.00 0.0 0 9.8 20 180 M M 5 26 180
5 86 57 72 16 0 7 0.00 0.0 0 5.6 13 340 M M 0 18 18 10
6 79 53 66 10 0 1 0.00 0.0 0 7.7 15 160 M M 2 18 22 160
7 71 62 67 11 0 2 0.16 0.0 0 10.1 24 150 M M 6 3 36 150
8 76 46 61 4 4 0 0.25 0.0 0 9.9 28 320 M M 5 13 39 320
9 61 43 52 -5 13 0 0.00 0.0 0 13.4 26 340 M M 6 36 340
10 67 34 51 -6 14 0 0.00 0.0 0 4.2 8 120 M M 0 12 110
11 72 49 61 4 4 0 0.00 0.0 0 7.2 16 180 M M 4 22 180
12 78 55 67 9 0 2 0.00 0.0 0 13.8 24 190 M M 5 31 180
13 80 63 72 14 0 7 0.00 0.0 0 14.3 23 160 M M 5 32 130
14 78 68 73 15 0 8 0.00 0.0 0 11.8 20 180 M M 9 26 170
15 70 60 65 7 0 0 0.00 0.0 0 11.3 26 10 M M 9 1 34 360
16 66 59 63 4 2 0 0.94 0.0 0 6.1 12 30 M M 10 13 15 30
17 67 55 61 2 4 0 0.08 0.0 0 10.6 18 20 M M 9 13 25 10
18 63 40 52 -7 13 0 0.00 0.0 0 8.8 22 20 M M 2 28 40
19 67 34 51 -9 14 0 0.00 0.0 0 6.2 15 180 M M 0 21 190
20 70 47 59 -1 6 0 0.00 0.0 0 10.2 17 170 M M 3 22 170
21 62 53 58 -2 7 0 0.79 0.0 0 6.2 24 210 M M 9 13 33 230
22 69 46 58 -2 7 0 0.00 0.0 0 8.3 22 340 M M 6 12 29 350
23 69 49 59 -2 6 0 0.00 0.0 0 6.2 13 10 M M 0 17 20
24 70 58 64 3 1 0 0.00 0.0 0 17.4 29 170 M M 6 41 160
25 75 50 63 2 2 0 0.55 0.0 0 10.9 26 250 M M 5 13 39 240
26 62 39 51 -11 14 0 0.00 0.0 0 7.5 17 350 M M 0 22 350
27 67 38 53 -9 12 0 0.05 0.0 0 5.8 20 30 M M 1 3 26 30
28 74 40 57 -5 8 0 0.00 0.0 0 8.8 22 180 M M 0 1 28 170
29 77 57 67 5 0 2 0.00 0.0 0 18.1 29 180 M M 3 38 170
30 80 62 71 9 0 6 0.00 0.0 0 14.3 20 190 M M 7 28 190
31 77 66 72 9 0 7 0.00 0.0 0 14.5 22 170 M M 7 28 170
================================================================================
SM 2249 1596 141 58 2.82 0.0 312.2 M 133
================================================================================
AV 72.5 51.5 10.1 FASTST M M 4 MAX(MPH)
MISC ----> # 29 170 41 160
================================================================================
NOTES:
# LAST OF SEVERAL OCCURRENCES
COLUMN 17 PEAK WIND IN M.P.H.
PRELIMINARY LOCAL CLIMATOLOGICAL DATA (WS FORM: F-6) , PAGE 2
STATION: WACO
MONTH: MARCH
YEAR: 2024
LATITUDE: 31 37 N
LONGITUDE: 97 13 W
[TEMPERATURE DATA] [PRECIPITATION DATA] SYMBOLS USED IN COLUMN 16
AVERAGE MONTHLY: 62.0 TOTAL FOR MONTH: 2.82 1 = FOG OR MIST
DPTR FM NORMAL: 3.2 DPTR FM NORMAL: -0.49 2 = FOG REDUCING VISIBILITY
HIGHEST: 86 ON 5 GRTST 24HR 1.00 ON 16-17 TO 1/4 MILE OR LESS
LOWEST: 34 ON 19,10 3 = THUNDER
SNOW, ICE PELLETS, HAIL 4 = ICE PELLETS
TOTAL MONTH: 0.0 INCH 5 = HAIL
GRTST 24HR 0.0 6 = FREEZING RAIN OR DRIZZLE
GRTST DEPTH: 0 7 = DUSTSTORM OR SANDSTORM:
VSBY 1/2 MILE OR LESS
8 = SMOKE OR HAZE
[NO. OF DAYS WITH] [WEATHER - DAYS WITH] 9 = BLOWING SNOW
X = TORNADO
MAX 32 OR BELOW: 0 0.01 INCH OR MORE: 7
MAX 90 OR ABOVE: 0 0.10 INCH OR MORE: 5
MIN 32 OR BELOW: 0 0.50 INCH OR MORE: 3
MIN 0 OR BELOW: 0 1.00 INCH OR MORE: 0
[HDD (BASE 65) ]
TOTAL THIS MO. 141 CLEAR (SCALE 0-3) 11
DPTR FM NORMAL -89 PTCLDY (SCALE 4-7) 15
TOTAL FM JUL 1 1793 CLOUDY (SCALE 8-10) 5
DPTR FM NORMAL -201
[CDD (BASE 65) ]
TOTAL THIS MO. 58
DPTR FM NORMAL 20 [PRESSURE DATA]
TOTAL FM JAN 1 82 HIGHEST SLP M ON M
DPTR FM NORMAL 31 LOWEST SLP 29.46 ON 25
[REMARKS]
#FINAL-03-24#