000
CXUS54 KFWD 030355
CF6ACT
PRELIMINARY LOCAL CLIMATOLOGICAL DATA (WS FORM: F-6)
STATION: WACO
MONTH: FEBRUARY
YEAR: 2020
LATITUDE: 31 37 N
LONGITUDE: 97 13 W
TEMPERATURE IN F: :PCPN: SNOW: WIND :SUNSHINE: SKY :PK WND
================================================================================
1 2 3 4 5 6A 6B 7 8 9 10 11 12 13 14 15 16 17 18
12Z AVG MX 2MIN
DY MAX MIN AVG DEP HDD CDD WTR SNW DPTH SPD SPD DIR MIN PSBL S-S WX SPD DR
================================================================================
1 70 30 50 2 15 0 0.00 0.0 0 5.9 14 330 M M 0 20 320
2 81 37 59 11 6 0 0.00 0.0 0 11.4 20 190 M M 0 27 180
3 68 53 61 12 4 0 0.01 0.0 0 13.9 26 190 M M 5 36 180
4 70 41 56 7 9 0 0.00 0.0 0 13.4 25 340 M M 9 18 33 340
5 42 33 38 -11 27 0 T T 0 15.6 25 330 M M 10 1 37 330
6 51 28 40 -9 25 0 0.03 0.1 T 11.1 23 310 M M 2 1 37 310
7 65 30 48 -1 17 0 0.00 0.0 0 6.7 12 340 M M 0 17 330
8 67 31 49 0 16 0 0.00 0.0 0 9.2 24 150 M M 4 30 150
9 70 60 65 15 0 0 0.01 0.0 0 10.9 22 170 M M 10 1 29 170
10 68 42 55 5 10 0 0.27 0.0 0 11.8 22 350 M M 10 1 29 310
11 45 41 43 -7 22 0 1.77 0.0 0 11.2 20 30 M M 10 13 24 360
12 57 39 48 -2 17 0 2.40 0.0 0 8.3 16 300 M M 7 13 22 270
13 48 32 40 -10 25 0 0.00 0.0 0 9.0 16 10 M M 4 1 23 10
14 54 27 41 -9 24 0 0.00 0.0 0 5.7 13 90 M M 0 17 100
15 62 37 50 -1 15 0 0.00 0.0 0 10.2 24 200 M M 3 33 200
16 78 43 61 10 4 0 0.00 0.0 0 9.2 16 180 M M 0 1 21 180
17 80 56 68 17 0 3 0.00 0.0 0 11.5 20 180 M M 5 1 27 210
18 67 50 59 8 6 0 0.01 0.0 0 11.9 24 340 M M 9 1 32 350
19 51 43 47 -5 18 0 1.81 0.0 0 10.3 18 30 M M 10 1 26 40
20 54 38 46 -6 19 0 0.61 0.0 0 15.4 24 360 M M 8 1 33 360
21 52 32 42 -10 23 0 0.00 0.0 0 6.3 13 40 M M 0 16 10
22 59 40 50 -2 15 0 0.00 0.0 0 9.6 17 130 M M 4 24 130
23 61 49 55 2 10 0 T 0.0 0 9.9 23 150 M M 10 18 32 160
24 74 43 59 6 6 0 0.00 0.0 0 9.8 20 280 M M 1 26 270
25 63 41 52 -1 13 0 0.00 0.0 0 10.9 23 330 M M 2 33 330
26 51 27 39 -14 26 0 0.00 0.0 0 15.7 31 340 M M 3 44 340
27 63 23 43 -11 22 0 0.00 0.0 0 7.8 13 210 M M 0 8 19 180
28 70 30 50 -4 15 0 0.00 0.0 0 4.7 12 340 M M 0 15 340
29 74 38 56 2 9 0 0.00 0.0 0 11.4 26 170 M M 0 37 160
================================================================================
SM 1815 1114 418 3 6.92 0.1 298.7 M 126
================================================================================
AV 62.6 38.4 10.3 FASTST M M 4 MAX(MPH)
MISC ----> # 31 340 # 44 340
================================================================================
NOTES:
# LAST OF SEVERAL OCCURRENCES
COLUMN 17 PEAK WIND IN M.P.H.
PRELIMINARY LOCAL CLIMATOLOGICAL DATA (WS FORM: F-6) , PAGE 2
STATION: WACO
MONTH: FEBRUARY
YEAR: 2020
LATITUDE: 31 37 N
LONGITUDE: 97 13 W
[TEMPERATURE DATA] [PRECIPITATION DATA] SYMBOLS USED IN COLUMN 16
AVERAGE MONTHLY: 50.5 TOTAL FOR MONTH: 6.92 1 = FOG OR MIST
DPTR FM NORMAL: -0.3 DPTR FM NORMAL: 4.29 2 = FOG REDUCING VISIBILITY
HIGHEST: 81 ON 2 GRTST 24HR 2.40 ON 12-12 TO 1/4 MILE OR LESS
LOWEST: 23 ON 27 3 = THUNDER
SNOW, ICE PELLETS, HAIL 4 = ICE PELLETS
TOTAL MONTH: 0.1 INCH 5 = HAIL
GRTST 24HR 0.1 ON 6- 6 6 = FREEZING RAIN OR DRIZZLE
GRTST DEPTH: T 7 = DUSTSTORM OR SANDSTORM:
VSBY 1/2 MILE OR LESS
8 = SMOKE OR HAZE
[NO. OF DAYS WITH] [WEATHER - DAYS WITH] 9 = BLOWING SNOW
X = TORNADO
MAX 32 OR BELOW: 0 0.01 INCH OR MORE: 9
MAX 90 OR ABOVE: 0 0.10 INCH OR MORE: 5
MIN 32 OR BELOW: 10 0.50 INCH OR MORE: 4
MIN 0 OR BELOW: 0 1.00 INCH OR MORE: 3
[HDD (BASE 65) ]
TOTAL THIS MO. 418 CLEAR (SCALE 0-3) 14
DPTR FM NORMAL 14 PTCLDY (SCALE 4-7) 7
TOTAL FM JUL 1 1767 CLOUDY (SCALE 8-10) 8
DPTR FM NORMAL -56
[CDD (BASE 65) ]
TOTAL THIS MO. 3
DPTR FM NORMAL -3 [PRESSURE DATA]
TOTAL FM JAN 1 10 HIGHEST SLP 30.74 ON 21
DPTR FM NORMAL 1 LOWEST SLP 29.72 ON 17
[REMARKS]
EDITED LOW TEMPERATURE ON THE 7TH
#FINAL-02-20#