000
CXUS51 KPHI 010815
CF6ACY
PRELIMINARY LOCAL CLIMATOLOGICAL DATA (WS FORM: F-6)
STATION: ATLANTIC CITY NJ
MONTH: OCTOBER
YEAR: 2022
LATITUDE: 39 27 N
LONGITUDE: 74 34 W
TEMPERATURE IN F: :PCPN: SNOW: WIND :SUNSHINE: SKY :PK WND
================================================================================
1 2 3 4 5 6A 6B 7 8 9 10 11 12 13 14 15 16 17 18
12Z AVG MX 2MIN
DY MAX MIN AVG DEP HDD CDD WTR SNW DPTH SPD SPD DIR MIN PSBL S-S WX SPD DR
================================================================================
1 66 59 63 0 2 0 0.74 0.0 0 16.7 30 50 M M 10 1 44 50
2 62 48 55 -7 10 0 3.01 0.0 0 17.1 31 50 M M 10 1 50 30
3 54 47 51 -11 14 0 1.57 0.0 0 16.1 24 20 M M 10 1 37 20
4 58 47 53 -9 12 0 0.40 0.0 0 15.2 23 10 M M 10 1 32 360
5 65 56 61 0 4 0 0.16 0.0 0 9.2 18 10 M M 10 1 27 360
6 75 53 64 3 1 0 0.00 0.0 0 4.7 9 160 M M 2 13 150
7 78 51 65 5 0 0 0.00 0.0 0 5.5 17 330 M M 1 22 310
8 62 41 52 -8 13 0 0.00 0.0 0 9.7 20 350 M M 4 26 330
9 63 38 51 -9 14 0 0.00 0.0 0 6.4 21 280 M M 0 29 280
10 69 39 54 -5 11 0 0.00 0.0 0 4.4 15 260 M M 0 20 260
11 74 45 60 1 5 0 0.00 0.0 0 3.4 13 200 M M 1 18 200
12 69 41 55 -3 10 0 0.00 0.0 0 5.2 15 190 M M 0 1 23 160
13 71 54 63 5 2 0 0.35 0.0 0 10.0 24 330 M M 9 1 31 330
14 69 44 57 -1 8 0 0.01 0.0 0 6.5 21 340 M M 3 1 29 340
15 70 40 55 -2 10 0 0.00 0.0 0 6.0 17 190 M M 0 26 180
16 68 48 58 1 7 0 0.00 0.0 0 3.4 12 330 M M 2 12 15 350
17 69 53 61 4 4 0 0.01 0.0 0 7.5 17 200 M M 7 23 210
18 58 38 48 -8 17 0 0.01 0.0 0 8.2 20 290 M M 5 25 290
19 57 32 45 -11 20 0 0.00 0.0 0 6.3 20 220 M M 2 26 260
20 60 34 47 -9 18 0 0.00 0.0 0 7.2 18 230 M M 0 27 210
21 66 36 51 -4 14 0 0.00 0.0 0 1.9 12 150 M M 0 1 17 160
22 66 35 51 -4 14 0 0.00 0.0 0 2.7 13 140 M M 1 12 16 110
23 63 54 59 5 6 0 0.43 0.0 0 11.4 24 60 M M 9 18 33 80
24 63 59 61 7 4 0 1.06 0.0 0 7.1 17 50 M M 10 12 27 10
25 68 61 65 11 0 0 T 0.0 0 2.3 9 140 M M 10 12 13 140
26 70 58 64 11 1 0 0.00 0.0 0 4.5 13 220 M M 8 12 18 220
27 66 46 56 3 9 0 0.00 0.0 0 9.7 23 330 M M 0 29 330
28 58 42 50 -3 15 0 0.00 0.0 0 10.4 23 70 M M 6 33 40
29 61 44 53 1 12 0 0.00 0.0 0 7.7 17 70 M M 6 24 60
30 65 41 53 1 12 0 0.00 0.0 0 4.0 12 130 M M 4 17 130
31 70 47 59 7 6 0 0.03 0.0 0 4.3 10 170 M M 6 16 360
================================================================================
SM 2033 1431 275 0 7.78 0.0 234.7 M 146
================================================================================
AV 65.6 46.2 7.6 FASTST M M 5 MAX(MPH)
MISC ----> 31 50 50 30
================================================================================
NOTES:
# LAST OF SEVERAL OCCURRENCES
COLUMN 17 PEAK WIND IN M.P.H.
PRELIMINARY LOCAL CLIMATOLOGICAL DATA (WS FORM: F-6) , PAGE 2
STATION: ATLANTIC CITY NJ
MONTH: OCTOBER
YEAR: 2022
LATITUDE: 39 27 N
LONGITUDE: 74 34 W
[TEMPERATURE DATA] [PRECIPITATION DATA] SYMBOLS USED IN COLUMN 16
AVERAGE MONTHLY: 55.9 TOTAL FOR MONTH: 7.78 1 = FOG OR MIST
DPTR FM NORMAL: -1.2 DPTR FM NORMAL: 3.64 2 = FOG REDUCING VISIBILITY
HIGHEST: 78 ON 7 GRTST 24HR 4.15 ON 2- 3 TO 1/4 MILE OR LESS
LOWEST: 32 ON 19 3 = THUNDER
SNOW, ICE PELLETS, HAIL 4 = ICE PELLETS
TOTAL MONTH: 0.0 INCH 5 = HAIL
GRTST 24HR 0.0 6 = FREEZING RAIN OR DRIZZLE
GRTST DEPTH: 0 7 = DUSTSTORM OR SANDSTORM:
VSBY 1/2 MILE OR LESS
8 = SMOKE OR HAZE
[NO. OF DAYS WITH] [WEATHER - DAYS WITH] 9 = BLOWING SNOW
X = TORNADO
MAX 32 OR BELOW: 0 0.01 INCH OR MORE: 12
MAX 90 OR ABOVE: 0 0.10 INCH OR MORE: 8
MIN 32 OR BELOW: 1 0.50 INCH OR MORE: 4
MIN 0 OR BELOW: 0 1.00 INCH OR MORE: 3
[HDD (BASE 65) ]
TOTAL THIS MO. 275 CLEAR (SCALE 0-3) 14
DPTR FM NORMAL 5 PTCLDY (SCALE 4-7) 8
TOTAL FM JUL 1 312 CLOUDY (SCALE 8-10) 9
DPTR FM NORMAL 0
[CDD (BASE 65) ]
TOTAL THIS MO. 0
DPTR FM NORMAL -23 [PRESSURE DATA]
TOTAL FM JAN 1 1263 HIGHEST SLP 30.47 ON 28
DPTR FM NORMAL 128 LOWEST SLP 29.59 ON 17
[REMARKS]
#FINAL-10-22#