000
CXUS51 KPHI 010815
CF6ACY
PRELIMINARY LOCAL CLIMATOLOGICAL DATA (WS FORM: F-6)
STATION: ATLANTIC CITY NJ
MONTH: APRIL
YEAR: 2021
LATITUDE: 39 27 N
LONGITUDE: 74 34 W
TEMPERATURE IN F: :PCPN: SNOW: WIND :SUNSHINE: SKY :PK WND
================================================================================
1 2 3 4 5 6A 6B 7 8 9 10 11 12 13 14 15 16 17 18
12Z AVG MX 2MIN
DY MAX MIN AVG DEP HDD CDD WTR SNW DPTH SPD SPD DIR MIN PSBL S-S WX SPD DR
================================================================================
1 58 36 47 0 18 0 0.03 0.0 0 17.0 31 340 M M 6 1 42 340
2 43 28 36 -11 29 0 0.00 0.0 0 13.1 28 320 M M 3 36 330
3 53 25 39 -9 26 0 0.00 0.0 0 8.0 17 300 M M 0 27 340
4 67 42 55 7 10 0 0.00 0.0 0 6.9 18 350 M M 4 24 350
5 70 41 56 8 9 0 0.00 0.0 0 13.0 26 310 M M 0 40 310
6 73 40 57 8 8 0 0.00 0.0 0 9.0 21 310 M M 1 34 320
7 68 39 54 5 11 0 0.01 0.0 0 3.5 13 140 M M 3 18 140
8 63 37 50 1 15 0 0.00 0.0 0 5.2 14 110 M M 0 18 170
9 57 41 49 -1 16 0 0.03 0.0 0 6.5 14 120 M M 7 1 20 100
10 67 50 59 9 6 0 T 0.0 0 6.0 14 170 M M 7 2 20 170
11 63 50 57 7 8 0 0.91 0.0 0 9.2 18 70 M M 10 12 27 70
12 50 46 48 -3 17 0 0.36 0.0 0 11.0 20 50 M M 10 1 25 50
13 61 45 53 2 12 0 0.00 0.0 0 7.5 15 20 M M 4 23 40
14 69 39 54 3 11 0 0.02 0.0 0 6.3 15 250 M M 5 25 230
15 63 47 55 3 10 0 0.49 0.0 0 4.5 16 330 M M 9 1 20 320
16 57 40 49 -3 16 0 0.00 0.0 0 13.2 26 290 M M 6 37 300
17 59 42 51 -1 14 0 0.00 0.0 0 8.1 16 320 M M 7 22 340
18 66 42 54 1 11 0 0.00 0.0 0 5.3 14 290 M M 7 20 290
19 67 41 54 1 11 0 0.01 0.0 0 3.8 17 160 M M 3 1 26 170
20 74 44 59 6 6 0 0.00 0.0 0 10.7 20 200 M M 0 29 200
21 75 41 58 4 7 0 0.08 0.0 0 15.1 46 290 M M 5 18 64 300
22 52 35 44 -10 21 0 0.00 0.0 0 16.8 32 290 M M 3 46 300
23 62 38 50 -4 15 0 0.00 0.0 0 13.2 26 290 M M 0 40 250
24 68 44 56 2 9 0 0.03 0.0 0 7.2 18 190 M M 2 1 28 180
25 64 49 57 2 8 0 0.65 0.0 0 11.5 22 310 M M 7 1 32 310
26 63 42 53 -2 12 0 0.00 0.0 0 12.7 22 330 M M 0 30 300
27 71 39 55 0 10 0 0.00 0.0 0 6.3 15 140 M M 0 24 190
28 89 60 75 19 0 10 0.00 0.0 0 10.3 22 280 M M 0 30 250
29 82 63 73 17 0 8 T 0.0 0 6.6 28 290 M M 5 38 280
30 73 49 61 5 4 0 T 0.0 0 24.3 39 310 M M 5 65 320
================================================================================
SM 1947 1275 350 18 2.62 0.0 291.8 M 119
================================================================================
AV 64.9 42.5 9.7 FASTST M M 4 MAX(MPH)
MISC ----> 46 290 65 320
================================================================================
NOTES:
# LAST OF SEVERAL OCCURRENCES
COLUMN 17 PEAK WIND IN M.P.H.
PRELIMINARY LOCAL CLIMATOLOGICAL DATA (WS FORM: F-6) , PAGE 2
STATION: ATLANTIC CITY NJ
MONTH: APRIL
YEAR: 2021
LATITUDE: 39 27 N
LONGITUDE: 74 34 W
[TEMPERATURE DATA] [PRECIPITATION DATA] SYMBOLS USED IN COLUMN 16
AVERAGE MONTHLY: 53.7 TOTAL FOR MONTH: 2.62 1 = FOG OR MIST
DPTR FM NORMAL: 2.0 DPTR FM NORMAL: -1.01 2 = FOG REDUCING VISIBILITY
HIGHEST: 89 ON 28 GRTST 24HR 1.27 ON 11-12 TO 1/4 MILE OR LESS
LOWEST: 25 ON 3 3 = THUNDER
SNOW, ICE PELLETS, HAIL 4 = ICE PELLETS
TOTAL MONTH: 0.0 INCH 5 = HAIL
GRTST 24HR 0.0 6 = FREEZING RAIN OR DRIZZLE
GRTST DEPTH: 0 7 = DUSTSTORM OR SANDSTORM:
VSBY 1/2 MILE OR LESS
8 = SMOKE OR HAZE
[NO. OF DAYS WITH] [WEATHER - DAYS WITH] 9 = BLOWING SNOW
X = TORNADO
MAX 32 OR BELOW: 0 0.01 INCH OR MORE: 11
MAX 90 OR ABOVE: 0 0.10 INCH OR MORE: 4
MIN 32 OR BELOW: 2 0.50 INCH OR MORE: 2
MIN 0 OR BELOW: 0 1.00 INCH OR MORE: 0
[HDD (BASE 65) ]
TOTAL THIS MO. 350 CLEAR (SCALE 0-3) 13
DPTR FM NORMAL -57 PTCLDY (SCALE 4-7) 14
TOTAL FM JUL 1 4157 CLOUDY (SCALE 8-10) 3
DPTR FM NORMAL -547
[CDD (BASE 65) ]
TOTAL THIS MO. 18
DPTR FM NORMAL 9 [PRESSURE DATA]
TOTAL FM JAN 1 22 HIGHEST SLP 30.41 ON 3
DPTR FM NORMAL 13 LOWEST SLP 29.44 ON 30
[REMARKS]
#FINAL-04-21#