000
CXUS54 KLZK 011230
CF6ADF
PRELIMINARY LOCAL CLIMATOLOGICAL DATA (WS FORM: F-6)
STATION: ARKADELPHIA AIRPORT
MONTH: MARCH
YEAR: 2023
LATITUDE: 34 9 N
LONGITUDE: 93 4 W
TEMPERATURE IN F: :PCPN: SNOW: WIND :SUNSHINE: SKY :PK WND
================================================================================
1 2 3 4 5 6A 6B 7 8 9 10 11 12 13 14 15 16 17 18
12Z AVG MX 2MIN
DY MAX MIN AVG DEP HDD CDD WTR SNW DPTH SPD SPD DIR MIN PSBL S-S WX SPD DR
================================================================================
1 76 51 64 15 1 0 1.34 M M 2.6 23 290 M M 7 13 33 290
2 69 60 65 15 0 0 0.58 M M 5.8 10 20 M M 10 13 M M
3 64 50 57 7 8 0 0.56 M M 9.4 21 240 M M 9 138 29 240
4 66 42 54 4 11 0 0.00 M M 1.6 5 200 M M 1 18 M M
5 76 44 60 9 5 0 0.00 M M 2.2 7 170 M M 0 18 M M
6 77 47 62 11 3 0 0.00 M M 3.8 13 210 M M 0 M M
7 74 53 64 13 1 0 0.00 M M 4.7 8 60 M M 3 1 17 40
8 56 49 53 1 12 0 0.72 M M 6.4 14 20 M M 10 13 20 10
9 62 50 56 4 9 0 1.13 M M 3.3 10 220 M M 10 13 M M
10 64 46 55 3 10 0 0.01 M M 3.8 13 360 M M 2 M M
11 59 45 52 0 13 0 0.43 M M 3.7 15 300 M M 8 13 25 300
12 61 50 56 3 9 0 0.01 M M 7.1 17 10 M M 8 1 21 20
13 59 39 49 -4 16 0 0.00 M M 5.9 15 10 M M 0 M M
14 55 36 46 -7 19 0 0.00 M M 4.6 12 10 M M 0 M M
15 62 31 47 -7 18 0 0.00 M M 3.0 8 150 M M 0 M M
16 65 47 56 2 9 0 1.35 M M 6.7 23 290 M M 10 13 39 290
17 54 43 49 -5 16 0 T M M 10.7 17 320 M M 3 8 23 330
18 52 34 43 -12 22 0 0.00 M M 6.4 17 340 M M 0 8 26 350
19 48 29 39 -16 26 0 0.00 M M 4.4 9 20 M M 1 8 M M
20 58 24 41 -14 24 0 T M M 3.7 12 160 M M 2 1 M M
21 63 44 54 -1 11 0 0.10 M M 3.2 16 190 M M 10 1 21 190
22 75 56 66 10 0 1 0.02 M M 9.0 16 180 M M 9 21 190
23 82 62 72 16 0 7 T M M 9.2 20 180 M M 6 1 25 190
24 78 57 68 12 0 3 1.16 M M 9.8 21 280 M M 8 13 28 260
25 75 51 63 7 2 0 0.00 M M 5.0 17 240 M M 2 18 23 250
26 81 45 63 6 2 0 0.00 M M 1.6 6 180 M M 1 M M
27 70 49 60 3 5 0 0.00 M M 6.3 12 20 M M 0 16 30
28 66 45 56 -1 9 0 0.00 M M 5.7 14 350 M M 2 20 330
29 69 39 54 -4 11 0 0.00 M M 2.6 7 200 M M 2 M M
30 78 47 63 5 2 0 0.02 M M 3.9 10 160 M M 8 8 M M
31 80 63 72 14 0 7 0.66 M M 10.6 24 290 M M 7 13 40 220
================================================================================
SM 2074 1428 274 18 8.09 M 166.6 M 139
================================================================================
AV 66.9 46.1 5.4 FASTST M M 4 MAX(MPH)
MISC ----> 24 290 40 220
================================================================================
NOTES:
# LAST OF SEVERAL OCCURRENCES
COLUMN 17 PEAK WIND IN M.P.H.
PRELIMINARY LOCAL CLIMATOLOGICAL DATA (WS FORM: F-6) , PAGE 2
STATION: ARKADELPHIA AIRPORT
MONTH: MARCH
YEAR: 2023
LATITUDE: 34 9 N
LONGITUDE: 93 4 W
[TEMPERATURE DATA] [PRECIPITATION DATA] SYMBOLS USED IN COLUMN 16
AVERAGE MONTHLY: 56.5 TOTAL FOR MONTH: 8.09 1 = FOG OR MIST
DPTR FM NORMAL: 2.6 DPTR FM NORMAL: 3.20 2 = FOG REDUCING VISIBILITY
HIGHEST: 82 ON 23 GRTST 24HR 1.35 ON 16-16 TO 1/4 MILE OR LESS
LOWEST: 24 ON 20 3 = THUNDER
SNOW, ICE PELLETS, HAIL 4 = ICE PELLETS
TOTAL MONTH: M 5 = HAIL
GRTST 24HR M ON M 6 = FREEZING RAIN OR DRIZZLE
GRTST DEPTH: M ON M 7 = DUSTSTORM OR SANDSTORM:
VSBY 1/2 MILE OR LESS
8 = SMOKE OR HAZE
[NO. OF DAYS WITH] [WEATHER - DAYS WITH] 9 = BLOWING SNOW
X = TORNADO
MAX 32 OR BELOW: 0 0.01 INCH OR MORE: 14
MAX 90 OR ABOVE: 0 0.10 INCH OR MORE: 10
MIN 32 OR BELOW: 3 0.50 INCH OR MORE: 8
MIN 0 OR BELOW: 0 1.00 INCH OR MORE: 4
[HDD (BASE 65) ]
TOTAL THIS MO. 274 CLEAR (SCALE 0-3) 17
DPTR FM NORMAL -81 PTCLDY (SCALE 4-7) 5
TOTAL FM JUL 1 1979 CLOUDY (SCALE 8-10) 9
DPTR FM NORMAL -884
[CDD (BASE 65) ]
TOTAL THIS MO. 18
DPTR FM NORMAL 7 [PRESSURE DATA]
TOTAL FM JAN 1 24 HIGHEST SLP M ON M
DPTR FM NORMAL 12 LOWEST SLP M ON M
[REMARKS]
#FINAL-03-23#