000
CXUS54 KLZK 011230
CF6ADF
PRELIMINARY LOCAL CLIMATOLOGICAL DATA (WS FORM: F-6)
STATION: ARKADELPHIA AIRPORT
MONTH: SEPTEMBER
YEAR: 2022
LATITUDE: 34 9 N
LONGITUDE: 93 4 W
TEMPERATURE IN F: :PCPN: SNOW: WIND :SUNSHINE: SKY :PK WND
================================================================================
1 2 3 4 5 6A 6B 7 8 9 10 11 12 13 14 15 16 17 18
12Z AVG MX 2MIN
DY MAX MIN AVG DEP HDD CDD WTR SNW DPTH SPD SPD DIR MIN PSBL S-S WX SPD DR
================================================================================
1 M M M M M M 0.00 M M M M M M M M M M
2 M M M M M M 0.00 M M M M M M M M M M
3 M M M M M M 0.00 M M M M M M M M M M
4 M M M M M M 0.00 M M M M M M M M M M
5 M M M M M M 0.00 M M M M M M M M M M
6 M M M M M M 0.00 M M M M M M M M M M
7 M M M M M M 0.00 M M M M M M M M M M
8 M M M M M M 0.00 M M M M M M M M M M
9 M M M M M M 0.00 M M M M M M M M M M
10 M M M M M M 0.00 M M M M M M M M M M
11 M M M M M M 0.00 M M M M M M M M M M
12 M M M M M M 0.00 M M M M M M M M M M
13 90 48 69 -5 0 4 0.00 M M 1.7 6 200 M M 0 M M
14 88 51 70 -4 0 5 0.00 M M 1.1 7 99 M M 0 M M
15 82 54 68 -6 0 3 0.00 M M 1.0 5 99 M M 0 1 M M
16 M M M M M M 0.00 M M M M M M M M M M
17 92 58 75 2 0 10 0.00 M M 0.0 M M M M 0 M M
18 94 65 80 7 0 15 0.00 M M 2.6 9 200 M M 2 1 M M
19 97 64 81 9 0 16 0.00 M M 1.8 7 170 M M 0 1 M M
20 97 63 80 8 0 15 0.00 M M 2.5 9 250 M M 0 1 M M
21 98 63 81 9 0 16 0.00 M M 1.8 8 220 M M 0 1 M M
22 93 63 78 7 0 13 0.00 M M 4.3 12 30 M M 0 1 18 350
23 88 63 76 5 0 11 0.00 M M 2.6 6 180 M M 1 12 M M
24 96 61 79 9 0 14 0.00 M M 3.8 12 240 M M 0 16 270
25 97 60 79 9 0 14 0.00 M M 2.3 10 340 M M 1 1 18 340
26 87 49 68 -2 0 3 0.00 M M 3.8 14 340 M M 0 18 330
27 86 44 65 -4 0 0 0.00 M M 1.3 7 99 M M 0 M M
28 84 46 65 -4 0 0 0.00 M M 2.8 12 40 M M 0 16 40
29 77 45 61 -7 4 0 0.00 M M 5.2 13 20 M M 0 25 40
30 81 41 61 -7 4 0 0.00 M M 3.5 12 10 M M 0 20 360
================================================================================
SM 1527 938 8 139 0.00 M 42.1 M 4
================================================================================
AV 89.8 55.2 2.5 FASTST M M 0 MAX(MPH)
MISC ----> 14 340 25 40
================================================================================
NOTES:
# LAST OF SEVERAL OCCURRENCES
COLUMN 17 PEAK WIND IN M.P.H.
PRELIMINARY LOCAL CLIMATOLOGICAL DATA (WS FORM: F-6) , PAGE 2
STATION: ARKADELPHIA AIRPORT
MONTH: SEPTEMBER
YEAR: 2022
LATITUDE: 34 9 N
LONGITUDE: 93 4 W
[TEMPERATURE DATA] [PRECIPITATION DATA] SYMBOLS USED IN COLUMN 16
AVERAGE MONTHLY: 72.5 TOTAL FOR MONTH: 0.00 1 = FOG OR MIST
DPTR FM NORMAL: -0.9 DPTR FM NORMAL: -3.54 2 = FOG REDUCING VISIBILITY
HIGHEST: 98 ON 21 GRTST 24HR 0.00 ON 27-27 TO 1/4 MILE OR LESS
LOWEST: 41 ON 30 3 = THUNDER
SNOW, ICE PELLETS, HAIL 4 = ICE PELLETS
TOTAL MONTH: M 5 = HAIL
GRTST 24HR M ON M 6 = FREEZING RAIN OR DRIZZLE
GRTST DEPTH: M ON M 7 = DUSTSTORM OR SANDSTORM:
VSBY 1/2 MILE OR LESS
8 = SMOKE OR HAZE
[NO. OF DAYS WITH] [WEATHER - DAYS WITH] 9 = BLOWING SNOW
X = TORNADO
MAX 32 OR BELOW: 0 0.01 INCH OR MORE: 0
MAX 90 OR ABOVE: 9 0.10 INCH OR MORE: 0
MIN 32 OR BELOW: 0 0.50 INCH OR MORE: 0
MIN 0 OR BELOW: 0 1.00 INCH OR MORE: 0
[HDD (BASE 65) ]
TOTAL THIS MO. 8 CLEAR (SCALE 0-3) 17
DPTR FM NORMAL -8 PTCLDY (SCALE 4-7) 0
TOTAL FM JUL 1 8 CLOUDY (SCALE 8-10) 13
DPTR FM NORMAL -7
[CDD (BASE 65) ]
TOTAL THIS MO. 139
DPTR FM NORMAL -130 [PRESSURE DATA]
TOTAL FM JAN 1 986 HIGHEST SLP M ON M
DPTR FM NORMAL -862 LOWEST SLP M ON M
[REMARKS]
#FINAL-09-22#