000
CXAK58 PADQ 011310
CLMADQ
CLIMATE REPORT
NATIONAL WEATHER SERVICE ANCHORAGE, AK
410 AM AKST FRI DEC 01 2023
...................................
...THE KODIAK CLIMATE SUMMARY FOR THE MONTH OF NOVEMBER 2023...
CLIMATE NORMAL PERIOD: 1991 TO 2020
CLIMATE RECORD PERIOD: 1913 TO 2023
WEATHER OBSERVED NORMAL DEPART LAST YEAR`S
VALUE DATE(S) VALUE FROM VALUE
NORMAL
..............................................................
TEMPERATURE (F)
RECORD
HIGH 60 11/04/1924
LOW 0 11/29/1971
HIGHEST 49 MM MM 47
LOWEST 19 MM MM 12
AVG. MAXIMUM 41.2 41.2 0.0 40.9
AVG. MINIMUM 31.3 30.2 1.1 30.5
MEAN 36.3 35.7 0.5 35.7
DAYS MAX >= 90 0 0.0 0.0 0
DAYS MAX <= 32 3 4.0 -1.0 1
DAYS MIN <= 32 19 19.6 -0.6 15
DAYS MIN <= 0 0 0.0 0.0 0
PRECIPITATION (INCHES)
RECORD
MAXIMUM 15.92 2002
MINIMUM 0.19 1950
TOTALS 7.64 7.06 0.58 7.51
DAILY AVG. 0.25 0.24 0.01 0.25
DAYS >= .01 17 17.0 0.0 21
DAYS >= .10 12 11.4 0.6 10
DAYS >= .50 6 5.2 0.8 4
DAYS >= 1.00 2 1.7 0.3 3
GREATEST
24 HR. TOTAL 1.91 11/28 TO 11/29 2.12
STORM TOTAL 1.80 1.35
(MM/DD(HH))
DEGREE DAYS
HEATING TOTAL 853 879 -26 872
SINCE 7/1 2618 2561 57 MM
COOLING TOTAL 0 0 0 0
SINCE 1/1 0 7 -7 MM
FREEZE DATES
RECORD
EARLIEST MM
LATEST MM
EARLIEST 09/22
LATEST 05/17
..............................................................
WIND (MPH)
AVERAGE WIND SPEED 10.1
RESULTANT WIND SPEED/DIRECTION 5/290
HIGHEST WIND SPEED/DIRECTION 39/290 DATE 11/20
HIGHEST GUST SPEED/DIRECTION 58/290 DATE 11/20
SKY COVER
POSSIBLE SUNSHINE (PERCENT) MM
AVERAGE SKY COVER 0.58
NUMBER OF DAYS FAIR 8
NUMBER OF DAYS PC 12
NUMBER OF DAYS CLOUDY 10
AVERAGE RH (PERCENT) 74
WEATHER CONDITIONS. NUMBER OF DAYS WITH
THUNDERSTORM 0 MIXED PRECIP 0
HEAVY RAIN 0 RAIN 8
LIGHT RAIN 19 FREEZING RAIN 0
LT FREEZING RAIN 0 HAIL 0
HEAVY SNOW 0 SNOW 0
LIGHT SNOW 6 SLEET 0
FOG 15 FOG W/VIS <= 1/4 MILE 0
HAZE 1
- INDICATES NEGATIVE NUMBERS.
R INDICATES RECORD WAS SET OR TIED.
MM INDICATES DATA IS MISSING.
T INDICATES TRACE AMOUNT.
$$