000
CXUS54 KFWD 010730
CF6AFW
PRELIMINARY LOCAL CLIMATOLOGICAL DATA (WS FORM: F-6)
STATION: FORT WORTH ALLIANCE
MONTH: JULY
YEAR: 2020
LATITUDE: 32 58 N
LONGITUDE: 97 19 W
TEMPERATURE IN F: :PCPN: SNOW: WIND :SUNSHINE: SKY :PK WND
================================================================================
1 2 3 4 5 6A 6B 7 8 9 10 11 12 13 14 15 16 17 18
12Z AVG MX 2MIN
DY MAX MIN AVG DEP HDD CDD WTR SNW DPTH SPD SPD DIR MIN PSBL S-S WX SPD DR
================================================================================
1 95 79 87 4 0 22 0.00 0.0 0 15.5 23 190 M M 5 30 180
2 94 77 86 3 0 21 0.04 0.0 0 9.5 35 170 M M 7 3 45 180
3 98 76 87 3 0 22 0.00 0.0 0 5.8 20 100 M M 3 26 100
4 96 74 85 1 0 20 0.00 0.0 0 7.3 14 150 M M 5 8 21 160
5 94 75 85 1 0 20 0.16 0.0 0 5.8 25 310 M M 7 138 35 290
6 90 74 82 -2 0 17 0.03 0.0 0 5.0 21 250 M M 8 138 29 250
7 91 74 83 -1 0 18 T 0.0 0 6.9 20 150 M M 6 3 25 150
8 96 76 86 2 0 21 0.00 0.0 0 10.6 20 160 M M 4 26 140
9 96 79 88 4 0 23 0.00 0.0 0 14.1 25 150 M M 2 32 150
10 95 79 87 3 0 22 0.00 0.0 0 9.9 23 160 M M 5 30 160
11 100 79 90 5 0 25 0.00 0.0 0 9.7 17 160 M M 1 26 170
12 99 76 88 3 0 23 T 0.0 0 10.6 43 50 M M 6 8 58 60
13 102 82 92 7 0 27 0.00 0.0 0 13.2 23 170 M M 5 32 140
14 101 80 91 6 0 26 0.00 0.0 0 16.5 26 170 M M 4 36 160
15 97 81 89 4 0 24 0.00 0.0 0 14.4 26 170 M M 6 33 170
16 99 81 90 5 0 25 0.00 0.0 0 10.8 17 140 M M 4 23 190
17 99 79 89 4 0 24 0.00 0.0 0 9.7 21 130 M M 2 29 110
18 94 78 86 1 0 21 0.00 0.0 0 13.2 20 160 M M 2 32 160
19 97 78 88 3 0 23 0.00 0.0 0 10.5 18 160 M M 2 26 120
20 97 78 88 2 0 23 0.00 0.0 0 10.0 23 140 M M 3 30 140
21 93 77 85 -1 0 20 0.00 0.0 0 9.8 18 160 M M 6 23 160
22 96 77 87 1 0 22 0.00 0.0 0 8.0 15 130 M M 4 24 110
23 96 78 87 1 0 22 0.00 0.0 0 8.3 16 120 M M 4 23 120
24 98 80 89 3 0 24 0.00 0.0 0 8.5 18 120 M M 5 28 110
25 91 79 85 -1 0 20 0.00 0.0 0 8.5 16 150 M M 6 22 100
26 93 77 85 -1 0 20 0.00 0.0 0 6.8 16 150 M M 6 20 150
27 93 76 85 -1 0 20 0.00 0.0 0 8.0 15 150 M M 7 19 150
28 84 75 80 -6 0 15 1.69 0.0 0 6.3 15 150 M M 9 1 21 170
29 95 77 86 0 0 21 0.01 0.0 0 10.3 21 160 M M 8 26 180
30 99 75 87 1 0 22 0.03 0.0 0 14.3 33 330 M M 4 3 44 320
31 92 74 83 -3 0 18 T 0.0 0 9.7 17 310 M M 5 3 25 320
================================================================================
SM 2960 2400 0 671 1.96 0.0 307.5 M 151
================================================================================
AV 95.5 77.4 9.9 FASTST M M 5 MAX(MPH)
MISC ----> # 43 50 # 58 60
================================================================================
NOTES:
# LAST OF SEVERAL OCCURRENCES
COLUMN 17 PEAK WIND IN M.P.H.
PRELIMINARY LOCAL CLIMATOLOGICAL DATA (WS FORM: F-6) , PAGE 2
STATION: FORT WORTH ALLIANCE
MONTH: JULY
YEAR: 2020
LATITUDE: 32 58 N
LONGITUDE: 97 19 W
[TEMPERATURE DATA] [PRECIPITATION DATA] SYMBOLS USED IN COLUMN 16
AVERAGE MONTHLY: 86.5 TOTAL FOR MONTH: 1.96 1 = FOG OR MIST
DPTR FM NORMAL: 1.6 DPTR FM NORMAL: -0.60 2 = FOG REDUCING VISIBILITY
HIGHEST: 102 ON 13 GRTST 24HR 1.69 ON 28-28 TO 1/4 MILE OR LESS
LOWEST: 74 ON 31, 7 3 = THUNDER
SNOW, ICE PELLETS, HAIL 4 = ICE PELLETS
TOTAL MONTH: 0.0 INCH 5 = HAIL
GRTST 24HR 0.0 6 = FREEZING RAIN OR DRIZZLE
GRTST DEPTH: 0 7 = DUSTSTORM OR SANDSTORM:
VSBY 1/2 MILE OR LESS
8 = SMOKE OR HAZE
[NO. OF DAYS WITH] [WEATHER - DAYS WITH] 9 = BLOWING SNOW
X = TORNADO
MAX 32 OR BELOW: 0 0.01 INCH OR MORE: 6
MAX 90 OR ABOVE: 30 0.10 INCH OR MORE: 2
MIN 32 OR BELOW: 0 0.50 INCH OR MORE: 1
MIN 0 OR BELOW: 0 1.00 INCH OR MORE: 1
[HDD (BASE 65) ]
TOTAL THIS MO. 0 CLEAR (SCALE 0-3) 6
DPTR FM NORMAL 0 PTCLDY (SCALE 4-7) 24
TOTAL FM JUL 1 0 CLOUDY (SCALE 8-10) 1
DPTR FM NORMAL 0
[CDD (BASE 65) ]
TOTAL THIS MO. 671
DPTR FM NORMAL 53 [PRESSURE DATA]
TOTAL FM JAN 1 1669 HIGHEST SLP M ON M
DPTR FM NORMAL 207 LOWEST SLP 29.74 ON M
[REMARKS]
#FINAL-07-20#