000
CXUS52 KCAE 011500
CF6AGS
PRELIMINARY LOCAL CLIMATOLOGICAL DATA (WS FORM: F-6)
STATION: AUGUSTA BUSH FIELD GA
MONTH: FEBRUARY
YEAR: 2022
LATITUDE: 33 22 N
LONGITUDE: 81 58 W
TEMPERATURE IN F: :PCPN: SNOW: WIND :SUNSHINE: SKY :PK WND
================================================================================
1 2 3 4 5 6A 6B 7 8 9 10 11 12 13 14 15 16 17 18
12Z AVG MX 2MIN
DY MAX MIN AVG DEP HDD CDD WTR SNW DPTH SPD SPD DIR MIN PSBL S-S WX SPD DR
================================================================================
1 65 26 46 -2 19 0 0.00 0.0 M 4.9 12 120 M M 0 1 19 120
2 68 33 51 3 14 0 T 0.0 0 4.4 12 110 M M 6 15 130
3 80 55 68 19 0 3 0.00 0.0 0 11.0 25 190 M M 7 35 190
4 68 47 58 9 7 0 0.68 0.0 0 9.8 18 180 M M 7 1 24 190
5 54 37 46 -3 19 0 0.00 0.0 0 8.9 22 290 M M 0 29 290
6 52 33 43 -6 22 0 0.08 0.0 0 8.7 16 40 M M 6 1 20 50
7 46 39 43 -6 22 0 0.25 0.0 0 7.4 16 20 M M 9 1 20 30
8 55 31 43 -6 22 0 0.00 0.0 0 3.1 10 360 M M 4 12 16 340
9 63 25 44 -6 21 0 0.00 0.0 0 2.0 12 260 M M 3 128 26 20
10 71 29 50 0 15 0 0.00 0.0 0 2.9 16 260 M M 0 18 20 260
11 73 31 52 2 13 0 0.00 0.0 0 3.9 17 190 M M 0 18 21 200
12 71 31 51 1 14 0 0.00 0.0 0 2.4 14 200 M M 0 18 15 200
13 62 41 52 2 13 0 0.00 0.0 0 8.0 21 310 M M 1 28 320
14 60 24 42 -9 23 0 0.00 0.0 0 5.3 18 320 M M 0 24 330
15 66 27 47 -4 18 0 0.00 0.0 0 2.3 10 160 M M 0 13 150
16 76 33 55 4 10 0 0.00 0.0 0 4.2 17 160 M M 3 1 22 160
17 83 51 67 16 0 2 0.00 0.0 0 11.0 25 190 M M 8 1 34 210
18 73 46 60 9 5 0 0.36 0.0 0 11.0 23 240 M M 4 1 32 250
19 65 33 49 -3 16 0 0.00 0.0 0 7.1 15 340 M M 0 20 310
20 67 30 49 -3 16 0 0.00 0.0 0 3.6 15 70 M M 0 18 70
21 74 39 57 5 8 0 0.15 0.0 0 2.7 10 190 M M 5 1 14 220
22 82 54 68 16 0 3 0.01 0.0 0 7.2 18 170 M M 5 12 25 210
23 84 52 68 15 0 3 0.00 0.0 0 5.6 18 260 M M 1 12 22 250
24 88 51 70 17 0 5 0.00 0.0 0 3.9 18 230 M M 4 12 27 220
25 79 55 67 14 0 2 0.00 0.0 0 8.0 21 260 M M 3 128 26 260
26 72 45 59 6 6 0 0.00 0.0 0 4.9 12 360 M M 3 17 20
27 58 49 54 0 11 0 0.10 0.0 M 5.1 12 20 M M 10 1 15 30
28 65 38 52 -2 13 0 0.00 0.0 M 4.9 15 50 M M 5 20 80
================================================================================
SM 1920 1085 327 18 1.63 0.0 164.2 M 94
================================================================================
AV 68.6 38.8 5.9 FASTST M M 3 MAX(MPH)
MISC ----> # 25 190 35 190
================================================================================
NOTES:
# LAST OF SEVERAL OCCURRENCES
COLUMN 17 PEAK WIND IN M.P.H.
PRELIMINARY LOCAL CLIMATOLOGICAL DATA (WS FORM: F-6) , PAGE 2
STATION: AUGUSTA BUSH FIELD GA
MONTH: FEBRUARY
YEAR: 2022
LATITUDE: 33 22 N
LONGITUDE: 81 58 W
[TEMPERATURE DATA] [PRECIPITATION DATA] SYMBOLS USED IN COLUMN 16
AVERAGE MONTHLY: 53.7 TOTAL FOR MONTH: 1.63 1 = FOG OR MIST
DPTR FM NORMAL: 2.9 DPTR FM NORMAL: -2.04 2 = FOG REDUCING VISIBILITY
HIGHEST: 88 ON 24 GRTST 24HR 0.68 ON 4- 4 TO 1/4 MILE OR LESS
LOWEST: 24 ON 14 3 = THUNDER
SNOW, ICE PELLETS, HAIL 4 = ICE PELLETS
TOTAL MONTH: 0.0 INCH 5 = HAIL
GRTST 24HR 0.0 6 = FREEZING RAIN OR DRIZZLE
GRTST DEPTH: 0 7 = DUSTSTORM OR SANDSTORM:
VSBY 1/2 MILE OR LESS
8 = SMOKE OR HAZE
[NO. OF DAYS WITH] [WEATHER - DAYS WITH] 9 = BLOWING SNOW
X = TORNADO
MAX 32 OR BELOW: 0 0.01 INCH OR MORE: 7
MAX 90 OR ABOVE: 0 0.10 INCH OR MORE: 5
MIN 32 OR BELOW: 9 0.50 INCH OR MORE: 1
MIN 0 OR BELOW: 0 1.00 INCH OR MORE: 0
[HDD (BASE 65) ]
TOTAL THIS MO. 327 CLEAR (SCALE 0-3) 14
DPTR FM NORMAL -76 PTCLDY (SCALE 4-7) 12
TOTAL FM JUL 1 1615 CLOUDY (SCALE 8-10) 2
DPTR FM NORMAL -206
[CDD (BASE 65) ]
TOTAL THIS MO. 18
DPTR FM NORMAL 12 [PRESSURE DATA]
TOTAL FM JAN 1 33 HIGHEST SLP 30.60 ON 15
DPTR FM NORMAL 29 LOWEST SLP 29.81 ON 18
[REMARKS]
#FINAL-02-22#