000
CXUS55 KCYS 051212
CF6AIA
PRELIMINARY LOCAL CLIMATOLOGICAL DATA (WS FORM: F-6)
STATION: ALLIANCE NEBRASKA AIRPORT
MONTH: FEBRUARY
YEAR: 2024
LATITUDE: 42 2 N
LONGITUDE: 102 48 W
TEMPERATURE IN F: :PCPN: SNOW: WIND :SUNSHINE: SKY :PK WND
================================================================================
1 2 3 4 5 6A 6B 7 8 9 10 11 12 13 14 15 16 17 18
12Z AVG MX 2MIN
DY MAX MIN AVG DEP HDD CDD WTR SNW DPTH SPD SPD DIR MIN PSBL S-S WX SPD DR
================================================================================
1 61 21 41 16 24 0 0.00 M M 4.5 12 90 M M 0 12 80
2 50 30 40 15 25 0 T M M 10.3 20 140 M M 6 128 26 140
3 42 36 39 14 26 0 0.28 M M 9.1 20 120 M M 10 12 27 120
4 50 25 38 13 27 0 0.10 M M 3.5 10 170 M M 6 1 13 290
5 55 20 38 13 27 0 0.00 M M 8.3 22 200 M M 0 27 200
6 55 24 40 15 25 0 0.00 M M 4.1 16 150 M M 0 12 20 150
7 48 30 39 14 26 0 0.00 M M 6.0 16 260 M M 8 12 23 260
8 48 22 35 10 30 0 T M M 15.5 33 300 M M 5 43 300
9 46 18 32 7 33 0 0.00 M M 6.8 16 340 M M 1 21 350
10 28 21 25 0 40 0 0.35 M M 5.7 13 60 M M 10 12 16 70
11 37 -2 18 -7 47 0 0.00 M M 6.4 14 280 M M 2 12 17 280
12 45 10 28 3 37 0 0.00 M M 5.0 12 270 M M 4 14 260
13 48 19 34 8 31 0 0.00 M M 7.5 14 260 M M 1 17 290
14 34 23 29 3 36 0 0.00 M M 10.6 22 340 M M 7 1 28 330
15 34 16 25 -1 40 0 0.25 M M 12.4 21 40 M M 10 12 27 40
16 18 -11 4 -22 61 0 0.03 M M 8.5 17 40 M M 7 18 20 30
17 M M M M M M 0.00 M M 11.9 22 290 M M 0 27 280
18 M M M M M M 0.00 M M 5.8 15 180 M M 1 19 260
19 M M M M M M 0.00 M M 9.4 20 290 M M 1 26 280
20 M M M M M M 0.00 M M 7.7 22 300 M M 0 32 300
21 M M M M M M 0.08 M M 7.9 14 260 M M 7 M M
22 54 27 41 13 24 0 0.00 M M 10.4 24 330 M M 4 32 330
23 53 24 39 11 26 0 0.00 M M 14.3 31 300 M M 1 40 290
24 58 21 40 12 25 0 0.00 M M 14.2 31 280 M M 0 40 290
25 63 30 47 18 18 0 0.00 M M 15.0 29 280 M M 0 38 270
26 64 29 47 18 18 0 0.00 M M 19.2 45 270 M M 0 61 260
27 34 3 19 -11 46 0 0.02 M M 14.2 28 20 M M 7 1 35 20
28 48 1 25 -5 40 0 0.00 M M 10.2 24 280 M M 0 32 270
29 63 19 41 11 24 0 0.00 M M 12.7 31 260 M M 0 39 260
================================================================================
SM 1136 456 756 0 1.11 M 277.1 M 98
================================================================================
AV 47.3 19.0 9.6 FASTST M M 3 MAX(MPH)
MISC ----> 45 270 61 260
================================================================================
NOTES:
# LAST OF SEVERAL OCCURRENCES
COLUMN 17 PEAK WIND IN M.P.H.
PRELIMINARY LOCAL CLIMATOLOGICAL DATA (WS FORM: F-6) , PAGE 2
STATION: ALLIANCE NEBRASKA AIRPORT
MONTH: FEBRUARY
YEAR: 2024
LATITUDE: 42 2 N
LONGITUDE: 102 48 W
[TEMPERATURE DATA] [PRECIPITATION DATA] SYMBOLS USED IN COLUMN 16
AVERAGE MONTHLY: 33.2 TOTAL FOR MONTH: 1.11 1 = FOG OR MIST
DPTR FM NORMAL: 6.9 DPTR FM NORMAL: 0.83 2 = FOG REDUCING VISIBILITY
HIGHEST: 64 ON 26 GRTST 24HR 0.36 ON 3- 4 TO 1/4 MILE OR LESS
LOWEST: -11 ON 16 3 = THUNDER
SNOW, ICE PELLETS, HAIL 4 = ICE PELLETS
TOTAL MONTH: M 5 = HAIL
GRTST 24HR M ON M 6 = FREEZING RAIN OR DRIZZLE
GRTST DEPTH: M ON M 7 = DUSTSTORM OR SANDSTORM:
VSBY 1/2 MILE OR LESS
8 = SMOKE OR HAZE
[NO. OF DAYS WITH] [WEATHER - DAYS WITH] 9 = BLOWING SNOW
X = TORNADO
MAX 32 OR BELOW: 2 0.01 INCH OR MORE: 7
MAX 90 OR ABOVE: 0 0.10 INCH OR MORE: 4
MIN 32 OR BELOW: 23 0.50 INCH OR MORE: 0
MIN 0 OR BELOW: 2 1.00 INCH OR MORE: 0
[HDD (BASE 65) ]
TOTAL THIS MO. 756 CLEAR (SCALE 0-3) 16
DPTR FM NORMAL -326 PTCLDY (SCALE 4-7) 10
TOTAL FM JUL 1 4605 CLOUDY (SCALE 8-10) 3
DPTR FM NORMAL -878
[CDD (BASE 65) ]
TOTAL THIS MO. 0
DPTR FM NORMAL 0 [PRESSURE DATA]
TOTAL FM JAN 1 0 HIGHEST SLP 30.59 ON 16
DPTR FM NORMAL 0 LOWEST SLP 29.33 ON 7
[REMARKS]
#FINAL-02-24#
PRECIPITATION VALUES ARE FROM COCORAHS STATION NE-BX-5 FOR ALL SNOW EVENTS
(2/10, 2/15, 2/16, 2/27) DUE TO ASOS ERRORS
TEMPERATURE VALUES ARE MISSING FROM 2/17-2/21 DUE TO ASOS OUTAGE
FEBRUARY 3... RECORD HIGH MINIMUM TEMPERATURE: 36F (PREVIOUS: 34F IN 1953)
FEBRUARY 3... RECORD DAILY PRECIPITATION: 0.28" (PREVIOUS: 0.23" IN 1960)
FEBRUARY 15... RECORD DAILY PRECIPITATION: 0.25" (PREVIOUS: 0.20" IN 2005)